CRAN Package Check Results for Package cat2cat

Last updated on 2021-09-22 08:50:00 CEST.

Flavor Version Tinstall Tcheck Ttotal Status Flags
r-devel-linux-x86_64-debian-clang 0.2.1 15.60 221.57 237.17 OK
r-devel-linux-x86_64-debian-gcc 0.2.1 13.92 164.40 178.32 OK
r-devel-linux-x86_64-fedora-clang 0.2.1 286.44 OK
r-devel-linux-x86_64-fedora-gcc 0.2.1 270.90 OK
r-devel-windows-x86_64 0.2.1 19.00 195.00 214.00 OK
r-devel-windows-x86_64-gcc10-UCRT 0.2.1 ERROR
r-patched-linux-x86_64 0.2.1 13.80 205.37 219.17 OK
r-patched-solaris-x86 0.2.1 336.40 OK
r-release-linux-x86_64 0.2.1 13.59 206.12 219.71 OK
r-release-macos-arm64 0.2.1 OK
r-release-macos-x86_64 0.2.1 OK
r-release-windows-ix86+x86_64 0.2.1 37.00 189.00 226.00 OK
r-oldrel-macos-x86_64 0.2.1 OK
r-oldrel-windows-ix86+x86_64 0.2.1 26.00 202.00 228.00 OK

Check Details

Version: 0.2.1
Check: package dependencies
Result: NOTE
    Package suggested but not available for checking: 'igraph'
Flavor: r-devel-windows-x86_64-gcc10-UCRT

Version: 0.2.1
Check: re-building of vignette outputs
Result: WARN
    Error(s) in re-building vignettes:
    --- re-building 'Introduction.Rmd' using rmarkdown
    Installing package into 'C:/msys64/home/tomas/ucrt3/svn/ucrt3/r_packages/pkgcheck/CRAN/cat2cat/cat2cat.Rcheck'
    (as 'lib' is unspecified)
    Warning: unable to access index for repository http://www.stats.ox.ac.uk/pub/RWin/bin/windows/contrib/4.2:
     cannot open URL 'http://www.stats.ox.ac.uk/pub/RWin/bin/windows/contrib/4.2/PACKAGES'
    trying URL 'http://cran.rstudio.com/bin/windows/contrib/4.2/igraph_1.2.6.zip'
     length 5949867 bytes (5.7 MB)
    ==================================================
    downloaded 5.7 MB
    
    Quitting from lines 22-23 (Introduction.Rmd)
    Error: processing vignette 'Introduction.Rmd' failed with diagnostics:
    package 'igraph' not installed because it is not built for UCRT
    --- failed re-building 'Introduction.Rmd'
    
    SUMMARY: processing the following file failed:
     'Introduction.Rmd'
    
    Error: Vignette re-building failed.
    Execution halted
Flavor: r-devel-windows-x86_64-gcc10-UCRT

Version: 0.2.1
Check: PDF version of manual
Result: WARN
    LaTeX errors when creating PDF version.
    This typically indicates Rd problems.
Flavor: r-devel-windows-x86_64-gcc10-UCRT

Version: 0.2.1
Check: PDF version of manual without hyperrefs or index
Result: ERROR
    Re-running with no redirection of stdout/stderr.
Flavor: r-devel-windows-x86_64-gcc10-UCRT