CRAN Package Check Results for Package castor

Last updated on 2024-03-02 19:50:13 CET.

Flavor Version Tinstall Tcheck Ttotal Status Flags
r-devel-linux-x86_64-debian-clang 1.8.0 153.98 214.24 368.22 OK
r-devel-linux-x86_64-debian-gcc 1.8.0 134.93 160.32 295.25 OK
r-devel-linux-x86_64-fedora-clang 1.8.0 445.00 OK
r-devel-linux-x86_64-fedora-gcc 1.8.0 504.54 OK
r-devel-windows-x86_64 1.8.0 108.00 215.00 323.00 OK
r-patched-linux-x86_64 1.8.0 152.67 213.66 366.33 OK
r-release-linux-x86_64 1.8.0 149.96 212.61 362.57 OK
r-release-macos-arm64 1.8.0 116.00 NOTE
r-release-macos-x86_64 1.8.0 270.00 NOTE
r-release-windows-x86_64 1.8.0 143.00 269.00 412.00 OK
r-oldrel-macos-arm64 1.8.0 112.00 NOTE
r-oldrel-windows-x86_64 1.8.0 137.00 254.00 391.00 OK

Check Details

Version: 1.8.0
Check: installed package size
Result: NOTE installed size is 21.2Mb sub-directories of 1Mb or more: R 1.0Mb libs 19.3Mb Flavors: r-release-macos-arm64, r-release-macos-x86_64, r-oldrel-macos-arm64