CRAN Package Check Results for Package carpenter

Last updated on 2022-08-07 21:53:29 CEST.

Flavor Version Tinstall Tcheck Ttotal Status Flags
r-devel-linux-x86_64-debian-clang 0.2.2 4.50 51.54 56.04 NOTE
r-devel-linux-x86_64-debian-gcc 0.2.2 3.39 38.77 42.16 NOTE
r-devel-linux-x86_64-fedora-clang 0.2.2 76.19 NOTE
r-devel-linux-x86_64-fedora-gcc 0.2.2 73.99 NOTE
r-devel-windows-x86_64 0.2.2 14.00 75.00 89.00 NOTE
r-patched-linux-x86_64 0.2.2 4.41 48.32 52.73 NOTE
r-release-linux-x86_64 0.2.2 3.11 48.66 51.77 NOTE
r-release-macos-arm64 0.2.2 25.00 NOTE
r-release-macos-x86_64 0.2.2 45.00 NOTE
r-release-windows-x86_64 0.2.2 21.00 75.00 96.00 NOTE
r-oldrel-macos-arm64 0.2.2 30.00 NOTE
r-oldrel-macos-x86_64 0.2.2 34.00 NOTE
r-oldrel-windows-ix86+x86_64 0.2.2 11.00 71.00 82.00 NOTE

Check Details

Version: 0.2.2
Check: LazyData
Result: NOTE
     'LazyData' is specified without a 'data' directory
Flavors: r-devel-linux-x86_64-debian-clang, r-devel-linux-x86_64-debian-gcc, r-devel-linux-x86_64-fedora-clang, r-devel-linux-x86_64-fedora-gcc, r-devel-windows-x86_64, r-patched-linux-x86_64, r-release-linux-x86_64, r-release-macos-arm64, r-release-macos-x86_64, r-release-windows-x86_64, r-oldrel-macos-arm64, r-oldrel-macos-x86_64, r-oldrel-windows-ix86+x86_64