Last updated on 2023-01-30 19:54:40 CET.
Flavor | Version | Tinstall | Tcheck | Ttotal | Status | Flags |
---|---|---|---|---|---|---|
r-devel-linux-x86_64-debian-clang | 3.1-1 | 22.31 | 175.98 | 198.29 | OK | |
r-devel-linux-x86_64-debian-gcc | 3.1-1 | 16.95 | 130.79 | 147.74 | OK | |
r-devel-linux-x86_64-fedora-clang | 3.1-1 | 248.56 | NOTE | |||
r-devel-linux-x86_64-fedora-gcc | 3.1-1 | 248.63 | OK | |||
r-devel-windows-x86_64 | 3.1-1 | 75.00 | 245.00 | 320.00 | OK | |
r-patched-linux-x86_64 | 3.1-1 | 31.86 | 161.19 | 193.05 | OK | |
r-release-linux-x86_64 | 3.1-1 | 21.01 | 162.12 | 183.13 | OK | |
r-release-macos-arm64 | 3.1-1 | 59.00 | OK | |||
r-release-macos-x86_64 | 3.1-1 | 80.00 | OK | |||
r-release-windows-x86_64 | 3.1-1 | 70.00 | 234.00 | 304.00 | OK | |
r-oldrel-macos-arm64 | 3.1-1 | 66.00 | OK | |||
r-oldrel-macos-x86_64 | 3.1-1 | 83.00 | OK | |||
r-oldrel-windows-ix86+x86_64 | 3.1-1 | 37.00 | 197.00 | 234.00 | OK |
Version: 3.1-1
Check: Rd cross-references
Result: NOTE
Undeclared package ‘plotrix’ in Rd xrefs
Flavor: r-devel-linux-x86_64-fedora-clang