CRAN Package Check Results for Package capm

Last updated on 2020-01-23 09:51:55 CET.

Flavor Version Tinstall Tcheck Ttotal Status Flags
r-devel-linux-x86_64-debian-clang 0.14.0 14.32 118.06 132.38 OK
r-devel-linux-x86_64-debian-gcc 0.14.0 11.82 90.34 102.16 OK
r-devel-linux-x86_64-fedora-clang 0.14.0 168.51 NOTE
r-devel-linux-x86_64-fedora-gcc 0.14.0 165.12 NOTE
r-devel-windows-ix86+x86_64 0.14.0 40.00 184.00 224.00 OK
r-devel-windows-ix86+x86_64-gcc8 0.14.0 40.00 143.00 183.00 OK
r-patched-linux-x86_64 0.14.0 14.63 102.04 116.67 OK
r-patched-solaris-x86 0.14.0 216.30 NOTE
r-release-linux-x86_64 0.14.0 13.75 102.08 115.83 OK
r-release-windows-ix86+x86_64 0.14.0 20.00 175.00 195.00 OK
r-release-osx-x86_64 0.14.0 NOTE
r-oldrel-windows-ix86+x86_64 0.14.0 15.00 109.00 124.00 OK
r-oldrel-osx-x86_64 0.14.0 NOTE

Check Details

Version: 0.14.0
Check: data for non-ASCII characters
Result: NOTE
     Note: found 59 marked UTF-8 strings
Flavors: r-devel-linux-x86_64-fedora-clang, r-devel-linux-x86_64-fedora-gcc, r-patched-solaris-x86, r-release-osx-x86_64, r-oldrel-osx-x86_64