CRAN Package Check Results for Package cancerTiming

Last updated on 2020-11-26 20:51:34 CET.

Flavor Version Tinstall Tcheck Ttotal Status Flags
r-devel-linux-x86_64-debian-clang 3.1.8 5.54 44.95 50.49 OK
r-devel-linux-x86_64-debian-gcc 3.1.8 4.21 35.52 39.73 OK
r-devel-linux-x86_64-fedora-clang 3.1.8 68.58 OK
r-devel-linux-x86_64-fedora-gcc 3.1.8 55.26 OK
r-devel-windows-ix86+x86_64 3.1.8 8.00 64.00 72.00 OK
r-patched-linux-x86_64 3.1.8 5.43 42.49 47.92 OK
r-patched-solaris-x86 3.1.8 80.30 OK
r-release-linux-x86_64 3.1.8 5.29 42.72 48.01 OK
r-release-macos-x86_64 3.1.8 OK
r-release-windows-ix86+x86_64 3.1.8 8.00 68.00 76.00 OK
r-oldrel-macos-x86_64 3.1.8 NOTE
r-oldrel-windows-ix86+x86_64 3.1.8 7.00 59.00 66.00 OK

Check Details

Version: 3.1.8
Check: package dependencies
Result: NOTE
    Packages suggested but not available for checking:
     'GenomicRanges', 'IRanges', 'S4Vectors'
Flavor: r-oldrel-macos-x86_64

Version: 3.1.8
Check: Rd cross-references
Result: NOTE
    Package unavailable to check Rd xrefs: ‘GenomicRanges’
Flavor: r-oldrel-macos-x86_64