CRAN Package Check Results for Package calpassapi

Last updated on 2021-09-24 20:48:39 CEST.

Flavor Version Tinstall Tcheck Ttotal Status Flags
r-devel-linux-x86_64-debian-clang 0.0.3 3.97 45.84 49.81 NOTE
r-devel-linux-x86_64-debian-gcc 0.0.3 3.34 35.15 38.49 NOTE
r-devel-linux-x86_64-fedora-clang 0.0.3 68.97 NOTE
r-devel-linux-x86_64-fedora-gcc 0.0.3 55.78 NOTE
r-devel-windows-x86_64 0.0.3 6.00 48.00 54.00 NOTE
r-devel-windows-x86_64-gcc10-UCRT 0.0.3 NOTE
r-patched-linux-x86_64 0.0.3 4.02 41.67 45.69 NOTE
r-patched-solaris-x86 0.0.3 84.60 NOTE
r-release-linux-x86_64 0.0.3 4.28 41.44 45.72 NOTE
r-release-macos-arm64 0.0.3 NOTE
r-release-macos-x86_64 0.0.3 NOTE
r-release-windows-ix86+x86_64 0.0.3 11.00 45.00 56.00 NOTE
r-oldrel-macos-x86_64 0.0.3 OK
r-oldrel-windows-ix86+x86_64 0.0.3 9.00 46.00 55.00 OK

Check Details

Version: 0.0.3
Check: LazyData
Result: NOTE
     'LazyData' is specified without a 'data' directory
Flavors: r-devel-linux-x86_64-debian-clang, r-devel-linux-x86_64-debian-gcc, r-devel-linux-x86_64-fedora-clang, r-devel-linux-x86_64-fedora-gcc, r-devel-windows-x86_64, r-devel-windows-x86_64-gcc10-UCRT, r-patched-linux-x86_64, r-patched-solaris-x86, r-release-linux-x86_64, r-release-macos-arm64, r-release-macos-x86_64, r-release-windows-ix86+x86_64