Last updated on 2022-05-16 21:50:16 CEST.
Flavor | Version | Tinstall | Tcheck | Ttotal | Status | Flags |
---|---|---|---|---|---|---|
r-devel-linux-x86_64-debian-clang | 0.3.3 | 30.97 | 149.27 | 180.24 | WARN | |
r-devel-linux-x86_64-debian-gcc | 0.3.3 | 23.53 | 100.55 | 124.08 | OK | |
r-devel-linux-x86_64-fedora-clang | 0.3.3 | 205.57 | WARN | |||
r-devel-linux-x86_64-fedora-gcc | 0.3.3 | 199.01 | OK | |||
r-devel-windows-x86_64 | 0.3.3 | 76.00 | 190.00 | 266.00 | OK | |
r-patched-linux-x86_64 | 0.3.3 | 28.97 | 136.17 | 165.14 | OK | |
r-release-linux-x86_64 | 0.3.3 | 29.13 | 138.33 | 167.46 | OK | |
r-release-macos-arm64 | 0.3.3 | 49.00 | OK | |||
r-release-macos-x86_64 | 0.3.3 | 83.00 | OK | |||
r-release-windows-x86_64 | 0.3.3 | 56.00 | 199.00 | 255.00 | OK | |
r-oldrel-macos-arm64 | 0.3.3 | 54.00 | OK | |||
r-oldrel-macos-x86_64 | 0.3.3 | 93.00 | OK | |||
r-oldrel-windows-ix86+x86_64 | 0.3.3 | 61.00 | 289.00 | 350.00 | OK |
Version: 0.3.3
Check: whether package can be installed
Result: WARN
Found the following significant warnings:
calculus.cpp:6:10: warning: use of bitwise '|' with boolean operands [-Wbitwise-instead-of-logical]
Flavors: r-devel-linux-x86_64-debian-clang, r-devel-linux-x86_64-fedora-clang