CRAN Package Check Results for Package caffsim

Last updated on 2019-08-21 10:47:23 CEST.

Flavor Version Tinstall Tcheck Ttotal Status Flags
r-devel-linux-x86_64-debian-clang 0.2.2 8.26 74.09 82.35 OK
r-devel-linux-x86_64-debian-gcc 0.2.2 7.32 57.29 64.61 OK
r-devel-linux-x86_64-fedora-clang 0.2.2 98.43 NOTE
r-devel-linux-x86_64-fedora-gcc 0.2.2 94.69 NOTE
r-devel-windows-ix86+x86_64 0.2.2 23.00 122.00 145.00 OK
r-patched-linux-x86_64 0.2.2 7.27 70.20 77.47 OK
r-patched-solaris-x86 0.2.2 149.80 NOTE
r-release-linux-x86_64 0.2.2 8.41 69.73 78.14 OK
r-release-windows-ix86+x86_64 0.2.2 17.00 79.00 96.00 OK
r-release-osx-x86_64 0.2.2 NOTE
r-oldrel-windows-ix86+x86_64 0.2.2 22.00 117.00 139.00 OK
r-oldrel-osx-x86_64 0.2.2 NOTE

Check Details

Version: 0.2.2
Check: dependencies in R code
Result: NOTE
    Namespace in Imports field not imported from: ‘markdown’
     All declared Imports should be used.
Flavors: r-devel-linux-x86_64-fedora-clang, r-devel-linux-x86_64-fedora-gcc, r-patched-solaris-x86, r-release-osx-x86_64, r-oldrel-osx-x86_64