Last updated on 2019-12-07 08:49:21 CET.
Flavor | Version | Tinstall | Tcheck | Ttotal | Status | Flags |
---|---|---|---|---|---|---|
r-devel-linux-x86_64-debian-clang | 0.2.2 | 9.83 | 81.68 | 91.51 | OK | |
r-devel-linux-x86_64-debian-gcc | 0.2.2 | 7.16 | 61.96 | 69.12 | OK | |
r-devel-linux-x86_64-fedora-clang | 0.2.2 | 101.20 | NOTE | |||
r-devel-linux-x86_64-fedora-gcc | 0.2.2 | 99.67 | NOTE | |||
r-devel-windows-ix86+x86_64 | 0.2.2 | 19.00 | 118.00 | 137.00 | OK | |
r-devel-windows-ix86+x86_64-gcc8 | 0.2.2 | 26.00 | 96.00 | 122.00 | OK | |
r-patched-linux-x86_64 | 0.2.2 | 9.02 | 71.50 | 80.52 | OK | |
r-patched-solaris-x86 | 0.2.2 | 143.60 | NOTE | |||
r-release-linux-x86_64 | 0.2.2 | 9.86 | 71.16 | 81.02 | OK | |
r-release-windows-ix86+x86_64 | 0.2.2 | 17.00 | 85.00 | 102.00 | OK | |
r-release-osx-x86_64 | 0.2.2 | NOTE | ||||
r-oldrel-windows-ix86+x86_64 | 0.2.2 | 11.00 | 78.00 | 89.00 | OK | |
r-oldrel-osx-x86_64 | 0.2.2 | NOTE |
Version: 0.2.2
Check: dependencies in R code
Result: NOTE
Namespace in Imports field not imported from: ‘markdown’
All declared Imports should be used.
Flavors: r-devel-linux-x86_64-fedora-clang, r-devel-linux-x86_64-fedora-gcc, r-patched-solaris-x86, r-release-osx-x86_64, r-oldrel-osx-x86_64