CRAN Package Check Results for Package caRamel

Last updated on 2022-01-26 19:50:27 CET.

Flavor Version Tinstall Tcheck Ttotal Status Flags
r-devel-linux-x86_64-debian-clang 1.2 4.52 140.32 144.84 NOTE
r-devel-linux-x86_64-debian-gcc 1.2 3.49 104.41 107.90 NOTE
r-devel-linux-x86_64-fedora-clang 1.2 175.02 NOTE
r-devel-linux-x86_64-fedora-gcc 1.2 163.48 NOTE
r-devel-windows-x86_64-new-UL 1.2 32.00 150.00 182.00 NOTE
r-devel-windows-x86_64-new-TK 1.2 NOTE
r-patched-linux-x86_64 1.2 3.83 53.03 56.86 NOTE
r-release-linux-x86_64 1.2 3.28 52.59 55.87 NOTE
r-release-macos-arm64 1.2 NOTE
r-release-macos-x86_64 1.2 NOTE
r-release-windows-ix86+x86_64 1.2 9.00 67.00 76.00 NOTE
r-oldrel-macos-x86_64 1.2 OK
r-oldrel-windows-ix86+x86_64 1.2 9.00 68.00 77.00 OK

Check Details

Version: 1.2
Check: LazyData
Result: NOTE
     'LazyData' is specified without a 'data' directory
Flavors: r-devel-linux-x86_64-debian-clang, r-devel-linux-x86_64-debian-gcc, r-devel-linux-x86_64-fedora-clang, r-devel-linux-x86_64-fedora-gcc, r-devel-windows-x86_64-new-UL, r-devel-windows-x86_64-new-TK, r-patched-linux-x86_64, r-release-linux-x86_64, r-release-macos-arm64, r-release-macos-x86_64, r-release-windows-ix86+x86_64