CRAN Package Check Results for Package cOde

Last updated on 2021-09-22 08:50:01 CEST.

Flavor Version Tinstall Tcheck Ttotal Status Flags
r-devel-linux-x86_64-debian-clang 1.0.0 3.35 31.08 34.43 NOTE
r-devel-linux-x86_64-debian-gcc 1.0.0 2.58 24.19 26.77 NOTE
r-devel-linux-x86_64-fedora-clang 1.0.0 50.74 NOTE
r-devel-linux-x86_64-fedora-gcc 1.0.0 39.68 NOTE
r-devel-windows-x86_64 1.0.0 6.00 36.00 42.00 OK
r-devel-windows-x86_64-gcc10-UCRT 1.0.0 ERROR
r-patched-linux-x86_64 1.0.0 3.62 30.77 34.39 NOTE
r-patched-solaris-x86 1.0.0 59.00 NOTE
r-release-linux-x86_64 1.0.0 3.04 29.84 32.88 NOTE
r-release-macos-arm64 1.0.0 OK
r-release-macos-x86_64 1.0.0 OK
r-release-windows-ix86+x86_64 1.0.0 7.00 37.00 44.00 OK
r-oldrel-macos-x86_64 1.0.0 OK
r-oldrel-windows-ix86+x86_64 1.0.0 17.00 37.00 54.00 OK

Check Details

Version: 1.0.0
Check: for non-standard things in the check directory
Result: NOTE
    Found the following files/directories:
     'fda7wnr6u.c' 'fda7wnr6u.o' 'fda7wnr6u.so' 'symbols.rds'
Flavors: r-devel-linux-x86_64-debian-clang, r-devel-linux-x86_64-debian-gcc, r-devel-linux-x86_64-fedora-clang, r-devel-linux-x86_64-fedora-gcc, r-patched-linux-x86_64, r-release-linux-x86_64

Version: 1.0.0
Check: PDF version of manual
Result: WARN
    LaTeX errors when creating PDF version.
    This typically indicates Rd problems.
Flavor: r-devel-windows-x86_64-gcc10-UCRT

Version: 1.0.0
Check: PDF version of manual without hyperrefs or index
Result: ERROR
    Re-running with no redirection of stdout/stderr.
Flavor: r-devel-windows-x86_64-gcc10-UCRT

Version: 1.0.0
Check: for non-standard things in the check directory
Result: NOTE
    Found the following files/directories:
     ‘fda7wnr6u.c’
Flavor: r-patched-solaris-x86