Last updated on 2023-02-01 19:54:01 CET.
Flavor | Version | Tinstall | Tcheck | Ttotal | Status | Flags |
---|---|---|---|---|---|---|
r-devel-linux-x86_64-debian-clang | 0.3.1 | 5.81 | 49.61 | 55.42 | NOTE | |
r-devel-linux-x86_64-debian-gcc | 0.3.1 | 5.44 | 36.97 | 42.41 | NOTE | |
r-devel-linux-x86_64-fedora-clang | 0.3.1 | 70.41 | NOTE | |||
r-devel-linux-x86_64-fedora-gcc | 0.3.1 | 68.40 | NOTE | |||
r-devel-windows-x86_64 | 0.3.1 | 20.00 | 72.00 | 92.00 | NOTE | |
r-patched-linux-x86_64 | 0.3.1 | 5.95 | 48.41 | 54.36 | NOTE | |
r-release-linux-x86_64 | 0.3.1 | 6.30 | 47.84 | 54.14 | NOTE | |
r-release-macos-arm64 | 0.3.1 | 24.00 | NOTE | |||
r-release-macos-x86_64 | 0.3.1 | 33.00 | NOTE | |||
r-release-windows-x86_64 | 0.3.1 | 17.00 | 80.00 | 97.00 | NOTE | |
r-oldrel-macos-arm64 | 0.3.1 | 35.00 | NOTE | |||
r-oldrel-macos-x86_64 | 0.3.1 | 39.00 | NOTE | |||
r-oldrel-windows-ix86+x86_64 | 0.3.1 | 13.00 | 69.00 | 82.00 | NOTE |
Version: 0.3.1
Check: LazyData
Result: NOTE
'LazyData' is specified without a 'data' directory
Flavors: r-devel-linux-x86_64-debian-clang, r-devel-linux-x86_64-debian-gcc, r-devel-linux-x86_64-fedora-clang, r-devel-linux-x86_64-fedora-gcc, r-devel-windows-x86_64, r-patched-linux-x86_64, r-release-linux-x86_64, r-release-macos-arm64, r-release-macos-x86_64, r-release-windows-x86_64, r-oldrel-macos-arm64, r-oldrel-macos-x86_64, r-oldrel-windows-ix86+x86_64