CRAN Package Check Results for Package btb

Last updated on 2024-02-24 19:50:34 CET.

Flavor Version Tinstall Tcheck Ttotal Status Flags
r-devel-linux-x86_64-debian-clang 0.2.0 99.65 154.69 254.34 NOTE
r-devel-linux-x86_64-debian-gcc 0.2.0 70.94 115.15 186.09 NOTE
r-devel-linux-x86_64-fedora-clang 0.2.0 345.90 NOTE
r-devel-linux-x86_64-fedora-gcc 0.2.0 345.19 NOTE
r-devel-windows-x86_64 0.2.0 80.00 153.00 233.00 NOTE
r-patched-linux-x86_64 0.2.0 87.33 146.81 234.14 NOTE
r-release-linux-x86_64 0.2.0 92.39 147.02 239.41 NOTE
r-release-macos-arm64 0.2.0 96.00 NOTE
r-release-macos-x86_64 0.2.0 156.00 NOTE
r-release-windows-x86_64 0.2.0 101.00 187.00 288.00 NOTE
r-oldrel-macos-arm64 0.2.0 89.00 OK
r-oldrel-windows-x86_64 0.2.0 97.00 187.00 284.00 OK

Check Details

Version: 0.2.0
Check: C++ specification
Result: NOTE Specified C++11: please drop specification unless essential Flavors: r-devel-linux-x86_64-debian-clang, r-devel-linux-x86_64-debian-gcc, r-devel-linux-x86_64-fedora-clang, r-devel-linux-x86_64-fedora-gcc, r-devel-windows-x86_64, r-patched-linux-x86_64, r-release-linux-x86_64, r-release-macos-arm64, r-release-macos-x86_64, r-release-windows-x86_64