Last updated on 2023-12-03 19:48:27 CET.
Flavor | Version | Tinstall | Tcheck | Ttotal | Status | Flags |
---|---|---|---|---|---|---|
r-devel-linux-x86_64-debian-clang | 1.0 | 8.53 | 67.10 | 75.63 | OK | |
r-devel-linux-x86_64-debian-gcc | 1.0 | 6.57 | 50.53 | 57.10 | OK | |
r-devel-linux-x86_64-fedora-clang | 1.0 | 96.83 | NOTE | |||
r-devel-linux-x86_64-fedora-gcc | 1.0 | 91.60 | NOTE | |||
r-devel-windows-x86_64 | 1.0 | 10.00 | 68.00 | 78.00 | OK | |
r-patched-linux-x86_64 | 1.0 | 5.80 | 65.46 | 71.26 | OK | |
r-release-linux-x86_64 | 1.0 | 9.43 | 65.16 | 74.59 | OK | |
r-release-macos-arm64 | 1.0 | 30.00 | OK | |||
r-release-macos-x86_64 | 1.0 | 48.00 | OK | |||
r-release-windows-x86_64 | 1.0 | 12.00 | 78.00 | 90.00 | OK | |
r-oldrel-macos-arm64 | 1.0 | 33.00 | NOTE | |||
r-oldrel-macos-x86_64 | 1.0 | 60.00 | NOTE | |||
r-oldrel-windows-x86_64 | 1.0 | 12.00 | 80.00 | 92.00 | OK |
Version: 1.0
Check: dependencies in R code
Result: NOTE
Namespaces in Imports field not imported from:
‘mvtnorm’ ‘ssmn’
All declared Imports should be used.
Flavors: r-devel-linux-x86_64-fedora-clang, r-devel-linux-x86_64-fedora-gcc, r-oldrel-macos-arm64, r-oldrel-macos-x86_64