CRAN Package Check Results for Package bssn

Last updated on 2024-06-24 21:56:43 CEST.

Flavor Version Tinstall Tcheck Ttotal Status Flags
r-devel-linux-x86_64-debian-clang 1.0 6.80 69.23 76.03 OK
r-devel-linux-x86_64-debian-gcc 1.0 6.57 51.04 57.61 OK
r-devel-linux-x86_64-fedora-clang 1.0 97.83 NOTE
r-devel-linux-x86_64-fedora-gcc 1.0 96.54 NOTE
r-devel-windows-x86_64 1.0 9.00 66.00 75.00 OK
r-patched-linux-x86_64 1.0 10.00 66.96 76.96 OK
r-release-linux-x86_64 1.0 9.50 67.33 76.83 OK
r-release-macos-arm64 1.0 31.00 OK
r-release-macos-x86_64 1.0 74.00 OK
r-release-windows-x86_64 1.0 10.00 66.00 76.00 OK
r-oldrel-macos-arm64 1.0 30.00 OK
r-oldrel-macos-x86_64 1.0 48.00 OK
r-oldrel-windows-x86_64 1.0 11.00 79.00 90.00 OK

Check Details

Version: 1.0
Check: dependencies in R code
Result: NOTE Namespaces in Imports field not imported from: ‘mvtnorm’ ‘ssmn’ All declared Imports should be used. Flavors: r-devel-linux-x86_64-fedora-clang, r-devel-linux-x86_64-fedora-gcc