Last updated on 2023-02-04 12:57:08 CET.
Flavor | Version | Tinstall | Tcheck | Ttotal | Status | Flags |
---|---|---|---|---|---|---|
r-devel-linux-x86_64-debian-clang | 2.0.1 | 762.00 | 492.79 | 1254.79 | NOTE | |
r-devel-linux-x86_64-debian-gcc | 2.0.1 | 574.05 | 305.67 | 879.72 | NOTE | |
r-devel-linux-x86_64-fedora-clang | 2.0.1 | 1705.82 | NOTE | |||
r-devel-linux-x86_64-fedora-gcc | 2.0.1 | 1603.29 | NOTE | |||
r-devel-windows-x86_64 | 2.0.1 | 803.00 | 525.00 | 1328.00 | NOTE | |
r-patched-linux-x86_64 | 2.0.1 | 584.94 | 401.52 | 986.46 | OK | |
r-release-linux-x86_64 | 2.0.1 | 610.63 | 402.82 | 1013.45 | OK | |
r-release-macos-arm64 | 2.0.1 | 379.00 | NOTE | |||
r-release-macos-x86_64 | 2.0.1 | 431.00 | NOTE | |||
r-release-windows-x86_64 | 2.0.1 | 525.00 | 537.00 | 1062.00 | NOTE | |
r-oldrel-macos-arm64 | 2.0.1 | 298.00 | NOTE | |||
r-oldrel-macos-x86_64 | 2.0.1 | 467.00 | NOTE | |||
r-oldrel-windows-ix86+x86_64 | 2.0.1 | 1727.00 | 684.00 | 2411.00 | NOTE |
Version: 2.0.1
Check: C++ specification
Result: NOTE
Specified C++11: please update to current default of C++17
Flavors: r-devel-linux-x86_64-debian-clang, r-devel-linux-x86_64-debian-gcc, r-devel-linux-x86_64-fedora-clang, r-devel-linux-x86_64-fedora-gcc, r-devel-windows-x86_64
Version: 2.0.1
Check: installed package size
Result: NOTE
installed size is 7.4Mb
sub-directories of 1Mb or more:
data 1.1Mb
doc 2.8Mb
libs 2.9Mb
Flavors: r-devel-linux-x86_64-fedora-clang, r-devel-windows-x86_64, r-release-macos-arm64, r-release-macos-x86_64, r-release-windows-x86_64, r-oldrel-macos-arm64, r-oldrel-macos-x86_64, r-oldrel-windows-ix86+x86_64