CRAN Package Check Results for Package brotli

Last updated on 2022-01-22 07:52:38 CET.

Flavor Version Tinstall Tcheck Ttotal Status Flags
r-devel-linux-x86_64-debian-clang 1.2 34.69 46.17 80.86 OK
r-devel-linux-x86_64-debian-gcc 1.2 22.18 36.03 58.21 OK
r-devel-linux-x86_64-fedora-clang 1.2 106.26 NOTE
r-devel-linux-x86_64-fedora-gcc 1.2 88.37 OK
r-devel-windows-x86_64-new-UL 1.2 64.00 70.00 134.00 OK
r-devel-windows-x86_64-new-TK 1.2 OK
r-patched-linux-x86_64 1.2 25.88 42.21 68.09 OK
r-release-linux-x86_64 1.2 28.04 41.52 69.56 OK
r-release-macos-arm64 1.2 OK
r-release-macos-x86_64 1.2 OK
r-release-windows-ix86+x86_64 1.2 74.00 60.00 134.00 OK
r-oldrel-macos-x86_64 1.2 OK
r-oldrel-windows-ix86+x86_64 1.2 72.00 68.00 140.00 OK

Check Details

Version: 1.2
Check: installed package size
Result: NOTE
     installed size is 5.9Mb
     sub-directories of 1Mb or more:
     bin 2.3Mb
     doc 1.1Mb
     libs 2.3Mb
Flavor: r-devel-linux-x86_64-fedora-clang