CRAN Package Check Results for Package brms

Last updated on 2020-05-29 10:47:18 CEST.

Flavor Version Tinstall Tcheck Ttotal Status Flags
r-devel-linux-x86_64-debian-clang 2.13.0 53.55 596.84 650.39 OK
r-devel-linux-x86_64-debian-gcc 2.13.0 42.97 451.85 494.82 OK
r-devel-linux-x86_64-fedora-clang 2.13.0 782.11 NOTE
r-devel-linux-x86_64-fedora-gcc 2.13.0 800.06 OK
r-devel-windows-ix86+x86_64 2.12.0 112.00 320.00 432.00 NOTE --no-examples --no-tests --no-vignettes
r-patched-linux-x86_64 2.12.0 47.49 630.12 677.61 OK
r-patched-solaris-x86 2.13.0 1040.90 NOTE
r-release-linux-x86_64 2.13.0 49.30 607.35 656.65 OK
r-release-osx-x86_64 2.12.0 NOTE
r-release-windows-ix86+x86_64 2.12.0 75.00 284.00 359.00 NOTE --no-examples --no-tests --no-vignettes
r-oldrel-osx-x86_64 2.13.0 NOTE
r-oldrel-windows-ix86+x86_64 2.13.0 36.00 7.00 43.00 ERROR --no-examples --no-tests --no-vignettes

Check Details

Version: 2.13.0
Check: installed package size
Result: NOTE
     installed size is 6.7Mb
     sub-directories of 1Mb or more:
     R 3.1Mb
     doc 2.6Mb
Flavors: r-devel-linux-x86_64-fedora-clang, r-patched-solaris-x86, r-oldrel-osx-x86_64

Version: 2.12.0
Flags: --no-examples --no-tests --no-vignettes
Check: installed package size
Result: NOTE
     installed size is 7.1Mb
     sub-directories of 1Mb or more:
     R 3.5Mb
     doc 2.6Mb
Flavors: r-devel-windows-ix86+x86_64, r-release-windows-ix86+x86_64

Version: 2.12.0
Check: installed package size
Result: NOTE
     installed size is 7.1Mb
     sub-directories of 1Mb or more:
     R 3.5Mb
     doc 2.6Mb
Flavor: r-release-osx-x86_64

Version: 2.13.0
Flags: --no-examples --no-tests --no-vignettes
Check: whether package can be installed
Result: ERROR
    Installation failed.
Flavor: r-oldrel-windows-ix86+x86_64