CRAN Package Check Results for Package brms

Last updated on 2019-10-21 09:51:09 CEST.

Flavor Version Tinstall Tcheck Ttotal Status Flags
r-devel-linux-x86_64-debian-clang 2.10.0 43.33 501.20 544.53 OK
r-devel-linux-x86_64-debian-gcc 2.10.0 38.59 385.16 423.75 OK
r-devel-linux-x86_64-fedora-clang 2.10.0 643.15 NOTE
r-devel-linux-x86_64-fedora-gcc 2.10.0 633.89 OK
r-devel-windows-ix86+x86_64 2.10.0 82.00 258.00 340.00 NOTE --no-examples --no-tests --no-vignettes
r-patched-linux-x86_64 2.10.0 43.87 495.71 539.58 OK
r-patched-solaris-x86 2.10.0 883.50 NOTE
r-release-linux-x86_64 2.10.0 44.05 499.57 543.62 OK
r-release-windows-ix86+x86_64 2.10.0 115.00 264.00 379.00 NOTE --no-examples --no-tests --no-vignettes
r-release-osx-x86_64 2.10.0 NOTE
r-oldrel-windows-ix86+x86_64 2.10.0 49.00 178.00 227.00 NOTE --no-examples --no-tests --no-vignettes
r-oldrel-osx-x86_64 2.10.0 NOTE

Additional issues

MKL

Check Details

Version: 2.10.0
Check: installed package size
Result: NOTE
     installed size is 6.5Mb
     sub-directories of 1Mb or more:
     R 2.9Mb
     doc 2.6Mb
Flavors: r-devel-linux-x86_64-fedora-clang, r-patched-solaris-x86, r-release-osx-x86_64, r-oldrel-osx-x86_64

Version: 2.10.0
Flags: --no-examples --no-tests --no-vignettes
Check: installed package size
Result: NOTE
     installed size is 6.4Mb
     sub-directories of 1Mb or more:
     R 2.9Mb
     doc 2.6Mb
Flavors: r-devel-windows-ix86+x86_64, r-release-windows-ix86+x86_64, r-oldrel-windows-ix86+x86_64