CRAN Package Check Results for Package breathteststan

Last updated on 2024-02-29 07:52:29 CET.

Flavor Version Tinstall Tcheck Ttotal Status Flags
r-devel-linux-x86_64-debian-clang 0.8.5 155.34 186.70 342.04 NOTE
r-devel-linux-x86_64-debian-gcc 0.8.5 144.83 158.99 303.82 NOTE
r-devel-linux-x86_64-fedora-clang 0.8.5 448.45 NOTE
r-devel-linux-x86_64-fedora-gcc 0.8.5 483.22 NOTE
r-devel-windows-x86_64 0.8.5 120.00 174.00 294.00 NOTE
r-patched-linux-x86_64 0.8.5 114.41 206.44 320.85 NOTE
r-release-linux-x86_64 0.8.5 128.17 205.61 333.78 NOTE
r-release-macos-arm64 0.8.5 105.00 NOTE
r-release-macos-x86_64 0.8.5 213.00 NOTE
r-release-windows-x86_64 0.8.5 164.00 225.00 389.00 NOTE
r-oldrel-macos-arm64 0.8.5 109.00 NOTE
r-oldrel-windows-x86_64 0.8.5 149.00 214.00 363.00 NOTE

Check Details

Version: 0.8.5
Check: for GNU extensions in Makefiles
Result: NOTE GNU make is a SystemRequirements. Flavors: r-devel-linux-x86_64-debian-clang, r-devel-linux-x86_64-debian-gcc, r-devel-linux-x86_64-fedora-clang, r-devel-linux-x86_64-fedora-gcc, r-devel-windows-x86_64, r-patched-linux-x86_64, r-release-linux-x86_64, r-release-macos-arm64, r-release-macos-x86_64, r-release-windows-x86_64, r-oldrel-macos-arm64, r-oldrel-windows-x86_64

Version: 0.8.5
Check: installed package size
Result: NOTE installed size is 38.9Mb sub-directories of 1Mb or more: libs 38.7Mb Flavors: r-release-macos-arm64, r-release-macos-x86_64, r-oldrel-macos-arm64