CRAN Package Check Results for Package brainR

Last updated on 2021-09-27 20:48:12 CEST.

Flavor Version Tinstall Tcheck Ttotal Status Flags
r-devel-linux-x86_64-debian-clang 1.6.0 8.51 59.75 68.26 NOTE
r-devel-linux-x86_64-debian-gcc 1.6.0 6.15 47.55 53.70 NOTE
r-devel-linux-x86_64-fedora-clang 1.6.0 93.67 NOTE
r-devel-linux-x86_64-fedora-gcc 1.6.0 82.46 NOTE
r-devel-windows-x86_64 1.6.0 8.00 56.00 64.00 NOTE
r-devel-windows-x86_64-gcc10-UCRT 1.6.0 NOTE
r-patched-linux-x86_64 1.6.0 11.28 60.00 71.28 NOTE
r-patched-solaris-x86 1.6.0 105.40 NOTE
r-release-linux-x86_64 1.6.0 8.21 59.92 68.13 NOTE
r-release-macos-arm64 1.6.0 NOTE
r-release-macos-x86_64 1.6.0 NOTE
r-release-windows-ix86+x86_64 1.6.0 18.00 59.00 77.00 NOTE
r-oldrel-macos-x86_64 1.6.0 OK
r-oldrel-windows-ix86+x86_64 1.6.0 12.00 55.00 67.00 OK

Check Details

Version: 1.6.0
Check: LazyData
Result: NOTE
     'LazyData' is specified without a 'data' directory
Flavors: r-devel-linux-x86_64-debian-clang, r-devel-linux-x86_64-debian-gcc, r-devel-linux-x86_64-fedora-clang, r-devel-linux-x86_64-fedora-gcc, r-devel-windows-x86_64, r-devel-windows-x86_64-gcc10-UCRT, r-patched-linux-x86_64, r-patched-solaris-x86, r-release-linux-x86_64, r-release-macos-arm64, r-release-macos-x86_64, r-release-windows-ix86+x86_64