CRAN Package Check Results for Package brainGraph

Last updated on 2021-12-05 07:49:05 CET.

Flavor Version Tinstall Tcheck Ttotal Status Flags
r-devel-linux-x86_64-debian-clang 3.0.0 34.44 143.01 177.45 NOTE
r-devel-linux-x86_64-debian-gcc 3.0.0 24.60 107.83 132.43 NOTE
r-devel-linux-x86_64-fedora-clang 3.0.0 212.15 NOTE
r-devel-linux-x86_64-fedora-gcc 3.0.0 195.51 OK
r-devel-windows-x86_64-new-UL 3.0.0 51.00 182.00 233.00 OK
r-devel-windows-x86_64-new-TK 3.0.0 OK
r-devel-windows-x86_64-old 3.0.0 40.00 118.00 158.00 OK
r-patched-linux-x86_64 3.0.0 35.08 129.12 164.20 OK
r-release-linux-x86_64 3.0.0 28.14 137.49 165.63 NOTE
r-release-macos-arm64 3.0.0 NOTE
r-release-macos-x86_64 3.0.0 OK
r-release-windows-ix86+x86_64 3.0.0 46.00 157.00 203.00 OK
r-oldrel-macos-x86_64 3.0.0 OK
r-oldrel-windows-ix86+x86_64 3.0.0 47.00 154.00 201.00 OK

Check Details

Version: 3.0.0
Check: package dependencies
Result: NOTE
    Suggests orphaned packages:
     'RGtk2' 'cairoDevice'
Flavors: r-devel-linux-x86_64-debian-clang, r-devel-linux-x86_64-debian-gcc, r-devel-linux-x86_64-fedora-clang, r-release-linux-x86_64

Version: 3.0.0
Check: package dependencies
Result: NOTE
    Packages suggested but not available for checking: 'RGtk2', 'cairoDevice'
Flavor: r-release-macos-arm64