CRAN Package Check Results for Package brainGraph

Last updated on 2024-02-29 19:12:15 CET.

Flavor Version Tinstall Tcheck Ttotal Status Flags
r-devel-linux-x86_64-debian-clang 3.0.0 30.00 160.67 190.67 NOTE
r-devel-linux-x86_64-debian-gcc 3.0.0 25.50 118.49 143.99 NOTE
r-devel-linux-x86_64-fedora-clang 3.0.0 235.00 NOTE
r-devel-linux-x86_64-fedora-gcc 3.0.0 239.84 NOTE
r-devel-windows-x86_64 3.0.0 25.00 132.00 157.00 NOTE
r-patched-linux-x86_64 3.0.0 34.47 157.47 191.94 NOTE
r-release-linux-x86_64 3.0.0 25.24 157.75 182.99 NOTE
r-release-macos-arm64 3.0.0 73.00 NOTE
r-release-macos-x86_64 3.0.0 114.00 NOTE
r-release-windows-x86_64 3.0.0 33.00 167.00 200.00 NOTE
r-oldrel-macos-arm64 3.0.0 59.00 NOTE
r-oldrel-windows-x86_64 3.0.0 36.00 152.00 188.00 NOTE

Check Details

Version: 3.0.0
Check: package dependencies
Result: NOTE Packages suggested but not available for checking: 'RGtk2', 'cairoDevice' Flavors: r-devel-linux-x86_64-debian-clang, r-devel-linux-x86_64-debian-gcc, r-devel-linux-x86_64-fedora-clang, r-devel-linux-x86_64-fedora-gcc, r-devel-windows-x86_64, r-patched-linux-x86_64, r-release-linux-x86_64, r-release-macos-arm64, r-release-windows-x86_64, r-oldrel-macos-arm64, r-oldrel-windows-x86_64

Version: 3.0.0
Check: Rd files
Result: NOTE checkRd: (-1) utils.Rd:58: Lost braces in \itemize; meant \describe ? checkRd: (-1) utils.Rd:59: Lost braces in \itemize; meant \describe ? checkRd: (-1) utils.Rd:60: Lost braces in \itemize; meant \describe ? Flavors: r-devel-linux-x86_64-debian-clang, r-devel-linux-x86_64-debian-gcc, r-devel-linux-x86_64-fedora-clang, r-devel-linux-x86_64-fedora-gcc

Version: 3.0.0
Check: Rd \usage sections
Result: NOTE Documented arguments not in \usage in Rd file 'utils.Rd': ‘max.len’ Functions with \usage entries need to have the appropriate \alias entries, and all their arguments documented. The \usage entries must correspond to syntactically valid R code. See chapter ‘Writing R documentation files’ in the ‘Writing R Extensions’ manual. Flavors: r-devel-linux-x86_64-debian-clang, r-devel-linux-x86_64-debian-gcc, r-devel-linux-x86_64-fedora-clang, r-devel-linux-x86_64-fedora-gcc, r-devel-windows-x86_64

Version: 3.0.0
Check: package dependencies
Result: NOTE Packages suggested but not available for checking: 'RGtk2', 'cairoDevice', 'car', 'mediation' Flavor: r-release-macos-x86_64

Version: 3.0.0
Check: Rd cross-references
Result: NOTE Packages unavailable to check Rd xrefs: ‘car’, ‘mediation’ Flavor: r-release-macos-x86_64