CRAN Package Check Results for Package boottol

Last updated on 2021-09-21 08:49:32 CEST.

Flavor Version Tinstall Tcheck Ttotal Status Flags
r-devel-linux-x86_64-debian-clang 2.0 2.76 33.57 36.33 NOTE
r-devel-linux-x86_64-debian-gcc 2.0 1.93 26.48 28.41 NOTE
r-devel-linux-x86_64-fedora-clang 2.0 52.87 NOTE
r-devel-linux-x86_64-fedora-gcc 2.0 41.90 NOTE
r-devel-windows-x86_64 2.0 4.00 38.00 42.00 NOTE
r-devel-windows-x86_64-gcc10-UCRT 2.0 ERROR
r-patched-linux-x86_64 2.0 2.82 32.55 35.37 NOTE
r-patched-solaris-x86 2.0 63.90 NOTE
r-release-linux-x86_64 2.0 2.61 32.65 35.26 NOTE
r-release-macos-arm64 2.0 NOTE
r-release-macos-x86_64 2.0 NOTE
r-release-windows-ix86+x86_64 2.0 7.00 43.00 50.00 NOTE
r-oldrel-macos-x86_64 2.0 NOTE
r-oldrel-windows-ix86+x86_64 2.0 6.00 42.00 48.00 NOTE

Check Details

Version: 2.0
Check: R code for possible problems
Result: NOTE
    boottol: no visible global function definition for 'setNames'
    boottol : shift: no visible global function definition for 'tail'
    boottol : shift: no visible global function definition for 'head'
    boottol: no visible global function definition for 'na.omit'
    vastol: no visible global function definition for 'setNames'
    vastol: no visible global function definition for 'na.omit'
    Undefined global functions or variables:
     head na.omit setNames tail
    Consider adding
     importFrom("stats", "na.omit", "setNames")
     importFrom("utils", "head", "tail")
    to your NAMESPACE file.
Flavors: r-devel-linux-x86_64-debian-clang, r-devel-linux-x86_64-debian-gcc, r-devel-linux-x86_64-fedora-clang, r-devel-linux-x86_64-fedora-gcc, r-devel-windows-x86_64, r-devel-windows-x86_64-gcc10-UCRT, r-patched-linux-x86_64, r-patched-solaris-x86, r-release-linux-x86_64, r-release-macos-arm64, r-release-macos-x86_64, r-release-windows-ix86+x86_64, r-oldrel-macos-x86_64, r-oldrel-windows-ix86+x86_64

Version: 2.0
Check: whether package can be installed
Result: WARN
    Found the following significant warnings:
     WARNING: installation-time patches will not be applied, could not get the patches index
Flavor: r-devel-windows-x86_64-gcc10-UCRT

Version: 2.0
Check: PDF version of manual
Result: WARN
    LaTeX errors when creating PDF version.
    This typically indicates Rd problems.
Flavor: r-devel-windows-x86_64-gcc10-UCRT

Version: 2.0
Check: PDF version of manual without hyperrefs or index
Result: ERROR
    Re-running with no redirection of stdout/stderr.
Flavor: r-devel-windows-x86_64-gcc10-UCRT