CRAN Package Check Results for Package bnviewer

Last updated on 2020-07-14 09:50:20 CEST.

Flavor Version Tinstall Tcheck Ttotal Status Flags
r-devel-linux-x86_64-debian-clang 0.1.4 2.56 33.80 36.36 OK
r-devel-linux-x86_64-debian-gcc 0.1.4 1.97 27.21 29.18 OK
r-devel-linux-x86_64-fedora-clang 0.1.4 54.44 OK
r-devel-linux-x86_64-fedora-gcc 0.1.4 43.86 OK
r-devel-windows-ix86+x86_64 0.1.4 8.00 64.00 72.00 OK
r-patched-linux-x86_64 0.1.4 2.51 33.81 36.32 OK
r-patched-solaris-x86 0.1.4 73.40 OK
r-release-linux-x86_64 0.1.4 2.54 34.09 36.63 OK
r-release-macos-x86_64 0.1.4 FAIL
r-release-windows-ix86+x86_64 0.1.4 7.00 51.00 58.00 OK
r-oldrel-macos-x86_64 0.1.4 OK
r-oldrel-windows-ix86+x86_64 0.1.4 5.00 59.00 64.00 OK

Check Details

Version: 0.1.4
Check: examples
Result: FAIL
Flavor: r-release-macos-x86_64