CRAN Package Check Results for Package bnpa

Last updated on 2023-12-03 19:48:27 CET.

Flavor Version Tinstall Tcheck Ttotal Status Flags
r-devel-linux-x86_64-debian-clang 0.3.0 3.09 41.95 45.04 OK
r-devel-linux-x86_64-debian-gcc 0.3.0 2.63 32.14 34.77 OK
r-devel-linux-x86_64-fedora-clang 0.3.0 55.73 NOTE
r-devel-linux-x86_64-fedora-gcc 0.3.0 53.34 NOTE
r-devel-windows-x86_64 0.3.0 5.00 56.00 61.00 OK
r-patched-linux-x86_64 0.3.0 4.30 41.34 45.64 OK
r-release-linux-x86_64 0.3.0 2.74 40.77 43.51 OK
r-release-macos-arm64 0.3.0 22.00 OK
r-release-macos-x86_64 0.3.0 28.00 OK
r-release-windows-x86_64 0.3.0 6.00 63.00 69.00 OK
r-oldrel-macos-arm64 0.3.0 22.00 NOTE
r-oldrel-macos-x86_64 0.3.0 36.00 NOTE
r-oldrel-windows-x86_64 0.3.0 7.00 62.00 69.00 OK

Check Details

Version: 0.3.0
Check: dependencies in R code
Result: NOTE Namespaces in Imports field not imported from: ‘Rgraphviz’ ‘fastDummies’ All declared Imports should be used. Flavors: r-devel-linux-x86_64-fedora-clang, r-devel-linux-x86_64-fedora-gcc, r-oldrel-macos-arm64, r-oldrel-macos-x86_64