CRAN Package Check Results for Package bndovb

Last updated on 2021-09-27 20:48:12 CEST.

Flavor Version Tinstall Tcheck Ttotal Status Flags
r-devel-linux-x86_64-debian-clang 1.1 9.35 90.28 99.63 OK
r-devel-linux-x86_64-debian-gcc 1.1 8.69 69.99 78.68 OK
r-devel-linux-x86_64-fedora-clang 1.1 131.93 NOTE
r-devel-linux-x86_64-fedora-gcc 1.1 120.35 NOTE
r-devel-windows-x86_64 1.1 13.00 81.00 94.00 OK
r-devel-windows-x86_64-gcc10-UCRT 1.1 NOTE
r-patched-linux-x86_64 1.1 10.85 86.49 97.34 OK
r-patched-solaris-x86 1.1 168.60 NOTE
r-release-linux-x86_64 1.1 10.06 87.42 97.48 OK
r-release-macos-arm64 1.1 NOTE
r-release-macos-x86_64 1.1 NOTE
r-release-windows-ix86+x86_64 1.1 24.00 91.00 115.00 OK
r-oldrel-macos-x86_64 1.1 NOTE
r-oldrel-windows-ix86+x86_64 1.1 15.00 78.00 93.00 OK

Check Details

Version: 1.1
Check: dependencies in R code
Result: NOTE
    Namespace in Imports field not imported from: ‘dplyr’
     All declared Imports should be used.
Flavors: r-devel-linux-x86_64-fedora-clang, r-devel-linux-x86_64-fedora-gcc, r-devel-windows-x86_64-gcc10-UCRT, r-patched-solaris-x86, r-release-macos-arm64, r-release-macos-x86_64, r-oldrel-macos-x86_64