CRAN Package Check Results for Package bnclassify

Last updated on 2020-02-27 09:49:29 CET.

Flavor Version Tinstall Tcheck Ttotal Status Flags
r-devel-linux-x86_64-debian-clang 0.4.4 128.09 103.82 231.91 ERROR
r-devel-linux-x86_64-debian-gcc 0.4.4 72.39 72.84 145.23 ERROR
r-devel-linux-x86_64-fedora-clang 0.4.4 268.68 NOTE
r-devel-linux-x86_64-fedora-gcc 0.4.4 256.14 OK
r-devel-windows-ix86+x86_64 0.4.4 198.00 171.00 369.00 OK
r-devel-windows-ix86+x86_64-gcc8 0.4.4 211.00 182.00 393.00 OK
r-patched-linux-x86_64 0.4.4 100.08 92.60 192.68 OK
r-patched-solaris-x86 0.4.4 223.70 OK
r-release-linux-x86_64 0.4.4 99.77 92.82 192.59 OK
r-release-windows-ix86+x86_64 0.4.4 183.00 151.00 334.00 OK
r-release-osx-x86_64 0.4.4 NOTE
r-oldrel-windows-ix86+x86_64 0.4.4 189.00 169.00 358.00 OK
r-oldrel-osx-x86_64 0.4.4 NOTE

Check Details

Version: 0.4.4
Check: tests
Result: ERROR
     Running 'testthat.R' [35s/38s]
    Running the tests in 'tests/testthat.R' failed.
    Complete output:
     > library(testthat)
     > library(bnclassify)
     >
     > test_check("bnclassify")
     -1.54485 -1.50696 -1.31785 -1.2128 -1.4612 -1.20742 -1.26966 -1.67055 -0.440312 -1.11241 -4.29046 -4.29046 -0.545227 -0.93827 -4.23411 -4.23411
     -- 1. Error: aode str (@test-learn-aode.r#15) ---------------------------------
     are_factors(dataset) is not TRUE
     Backtrace:
     1. bnclassify::aode(class = "a", alphadb[, 1:2, drop = FALSE])
     2. bnclassify:::get_features(class = class, dataset = dataset)
     3. bnclassify:::check_class_in_dataset(class, dataset)
     4. bnclassify:::check_dataset(dataset)
     5. base::stopifnot(are_factors(dataset))
    
     -- 2. Error: aode bnc funs (@test-learn-aode.r#35) ----------------------------
     are_factors(dataset) is not TRUE
     Backtrace:
     1. bnclassify::aode(class = "a", lets)
     2. bnclassify:::get_features(class = class, dataset = dataset)
     3. bnclassify:::check_class_in_dataset(class, dataset)
     4. bnclassify:::check_dataset(dataset)
     5. base::stopifnot(are_factors(dataset))
    
     == testthat results ===========================================================
     [ OK: 587 | SKIPPED: 33 | WARNINGS: 3 | FAILED: 2 ]
     1. Error: aode str (@test-learn-aode.r#15)
     2. Error: aode bnc funs (@test-learn-aode.r#35)
    
     Error: testthat unit tests failed
     Execution halted
Flavor: r-devel-linux-x86_64-debian-clang

Version: 0.4.4
Check: tests
Result: ERROR
     Running ‘testthat.R’ [18s/25s]
    Running the tests in ‘tests/testthat.R’ failed.
    Complete output:
     > library(testthat)
     > library(bnclassify)
     >
     > test_check("bnclassify")
     -1.54485 -1.50696 -1.31785 -1.2128 -1.4612 -1.20742 -1.26966 -1.67055 -0.440312 -1.11241 -4.29046 -4.29046 -0.545227 -0.93827 -4.23411 -4.23411
     ── 1. Error: aode str (@test-learn-aode.r#15) ─────────────────────────────────
     are_factors(dataset) is not TRUE
     Backtrace:
     1. bnclassify::aode(class = "a", alphadb[, 1:2, drop = FALSE])
     2. bnclassify:::get_features(class = class, dataset = dataset)
     3. bnclassify:::check_class_in_dataset(class, dataset)
     4. bnclassify:::check_dataset(dataset)
     5. base::stopifnot(are_factors(dataset))
    
     ── 2. Error: aode bnc funs (@test-learn-aode.r#35) ────────────────────────────
     are_factors(dataset) is not TRUE
     Backtrace:
     1. bnclassify::aode(class = "a", lets)
     2. bnclassify:::get_features(class = class, dataset = dataset)
     3. bnclassify:::check_class_in_dataset(class, dataset)
     4. bnclassify:::check_dataset(dataset)
     5. base::stopifnot(are_factors(dataset))
    
     ══ testthat results ═══════════════════════════════════════════════════════════
     [ OK: 587 | SKIPPED: 34 | WARNINGS: 0 | FAILED: 2 ]
     1. Error: aode str (@test-learn-aode.r#15)
     2. Error: aode bnc funs (@test-learn-aode.r#35)
    
     Error: testthat unit tests failed
     Execution halted
Flavor: r-devel-linux-x86_64-debian-gcc

Version: 0.4.4
Check: installed package size
Result: NOTE
     installed size is 7.1Mb
     sub-directories of 1Mb or more:
     libs 6.2Mb
Flavors: r-devel-linux-x86_64-fedora-clang, r-release-osx-x86_64, r-oldrel-osx-x86_64