CRAN Package Check Results for Package bmabasket

Last updated on 2024-05-24 09:53:30 CEST.

Flavor Version Tinstall Tcheck Ttotal Status Flags
r-devel-linux-x86_64-debian-clang 0.1.2 51.99 33.06 85.05 NOTE
r-devel-linux-x86_64-debian-gcc 0.1.2 38.15 24.63 62.78 NOTE
r-devel-linux-x86_64-fedora-clang 0.1.2 129.26 NOTE
r-devel-linux-x86_64-fedora-gcc 0.1.2 125.04 NOTE
r-devel-windows-x86_64 0.1.2 40.00 68.00 108.00 NOTE
r-patched-linux-x86_64 0.1.2 45.52 31.91 77.43 NOTE
r-release-linux-x86_64 0.1.2 47.35 31.93 79.28 NOTE
r-release-macos-arm64 0.1.2 30.00 NOTE
r-release-windows-x86_64 0.1.2 43.00 67.00 110.00 NOTE
r-oldrel-macos-arm64 0.1.2 32.00 NOTE
r-oldrel-macos-x86_64 0.1.2 54.00 NOTE
r-oldrel-windows-x86_64 0.1.2 51.00 76.00 127.00 NOTE

Check Details

Version: 0.1.2
Check: C++ specification
Result: NOTE Specified C++11: please drop specification unless essential Flavors: r-devel-linux-x86_64-debian-clang, r-devel-linux-x86_64-debian-gcc, r-devel-linux-x86_64-fedora-clang, r-devel-linux-x86_64-fedora-gcc, r-devel-windows-x86_64, r-patched-linux-x86_64, r-release-linux-x86_64, r-release-macos-arm64, r-release-windows-x86_64, r-oldrel-macos-arm64, r-oldrel-macos-x86_64, r-oldrel-windows-x86_64