CRAN Package Check Results for Package bmabasket

Last updated on 2021-09-21 20:50:48 CEST.

Flavor Version Tinstall Tcheck Ttotal Status Flags
r-devel-linux-x86_64-debian-clang 0.1.1 50.19 29.94 80.13 OK
r-devel-linux-x86_64-debian-gcc 0.1.1 34.40 23.31 57.71 OK
r-devel-linux-x86_64-fedora-clang 0.1.1 122.85 OK
r-devel-linux-x86_64-fedora-gcc 0.1.1 101.77 OK
r-devel-windows-x86_64 0.1.1 46.00 41.00 87.00 OK
r-devel-windows-x86_64-gcc10-UCRT 0.1.1 ERROR
r-patched-linux-x86_64 0.1.1 41.31 29.15 70.46 OK
r-patched-solaris-x86 0.1.1 104.50 OK
r-release-linux-x86_64 0.1.1 44.81 29.23 74.04 OK
r-release-macos-arm64 0.1.1 OK
r-release-macos-x86_64 0.1.1 OK
r-release-windows-ix86+x86_64 0.1.1 123.00 63.00 186.00 OK
r-oldrel-macos-x86_64 0.1.1 OK
r-oldrel-windows-ix86+x86_64 0.1.1 113.00 62.00 175.00 OK

Check Details

Version: 0.1.1
Check: whether package can be installed
Result: ERROR
    Installation failed.
Flavor: r-devel-windows-x86_64-gcc10-UCRT