CRAN Package Check Results for Package blockTools

Last updated on 2021-09-27 20:48:12 CEST.

Flavor Version Tinstall Tcheck Ttotal Status Flags
r-devel-linux-x86_64-debian-clang 0.6-3 8.21 56.41 64.62 NOTE
r-devel-linux-x86_64-debian-gcc 0.6-3 5.40 42.16 47.56 NOTE
r-devel-linux-x86_64-fedora-clang 0.6-3 85.09 NOTE
r-devel-linux-x86_64-fedora-gcc 0.6-3 73.44 NOTE
r-devel-windows-x86_64 0.6-3 10.00 53.00 63.00 OK
r-devel-windows-x86_64-gcc10-UCRT 0.6-3 OK
r-patched-linux-x86_64 0.6-3 7.38 52.79 60.17 NOTE
r-patched-solaris-x86 0.6-3 101.20 NOTE
r-release-linux-x86_64 0.6-3 6.58 52.86 59.44 NOTE
r-release-macos-arm64 0.6-3 OK
r-release-macos-x86_64 0.6-3 OK
r-release-windows-ix86+x86_64 0.6-3 18.00 77.00 95.00 OK
r-oldrel-macos-x86_64 0.6-3 OK
r-oldrel-windows-ix86+x86_64 0.6-3 14.00 70.00 84.00 OK

Check Details

Version: 0.6-3
Check: for non-standard things in the check directory
Result: NOTE
    Found the following files/directories:
     'Groupa.csv' 'Groupa.tex' 'Groupb.csv' 'Groupb.tex' 'Groupc.csv'
     'Groupc.tex' 'file1.csv' 'file1.tex' 'file2.csv' 'file2.tex'
     'file3.csv' 'file3.tex'
Flavors: r-devel-linux-x86_64-debian-clang, r-devel-linux-x86_64-debian-gcc, r-devel-linux-x86_64-fedora-clang, r-devel-linux-x86_64-fedora-gcc, r-patched-linux-x86_64, r-patched-solaris-x86, r-release-linux-x86_64

Version: 0.6-3
Check: compiled code
Result: NOTE
    File ‘blockTools/libs/blockTools.so’:
     Found no calls to: ‘R_registerRoutines’, ‘R_useDynamicSymbols’
    
    It is good practice to register native routines and to disable symbol
    search.
    
    See ‘Writing portable packages’ in the ‘Writing R Extensions’ manual.
Flavors: r-devel-linux-x86_64-fedora-clang, r-devel-linux-x86_64-fedora-gcc