CRAN Package Check Results for Package blavaan

Last updated on 2024-02-23 07:52:03 CET.

Flavor Version Tinstall Tcheck Ttotal Status Flags
r-devel-linux-x86_64-debian-clang 0.5-3 NOTE
r-devel-linux-x86_64-debian-gcc 0.5-3 588.93 209.69 798.62 NOTE
r-devel-linux-x86_64-fedora-clang 0.5-3 1167.80 NOTE
r-devel-linux-x86_64-fedora-gcc 0.5-3 1489.38 NOTE
r-devel-windows-x86_64 0.5-3 438.00 223.00 661.00 NOTE
r-patched-linux-x86_64 0.5-3 516.55 275.43 791.98 NOTE
r-release-linux-x86_64 0.5-3 0.02 2.14 2.16 ERROR
r-release-macos-arm64 0.5-3 309.00 NOTE
r-release-macos-x86_64 0.5-3 605.00 NOTE
r-release-windows-x86_64 0.5-3 596.00 288.00 884.00 NOTE
r-oldrel-macos-arm64 0.5-3 310.00 NOTE
r-oldrel-windows-x86_64 0.5-3 554.00 272.00 826.00 NOTE

Check Details

Version: 0.5-3
Check: package dependencies
Result: NOTE Package suggested but not available for checking: ‘cmdstanr’ Flavors: r-devel-linux-x86_64-debian-clang, r-devel-linux-x86_64-debian-gcc, r-devel-linux-x86_64-fedora-clang, r-devel-linux-x86_64-fedora-gcc, r-devel-windows-x86_64, r-patched-linux-x86_64, r-release-linux-x86_64, r-release-macos-arm64, r-release-macos-x86_64, r-release-windows-x86_64, r-oldrel-macos-arm64, r-oldrel-windows-x86_64

Version: 0.5-3
Check: for GNU extensions in Makefiles
Result: NOTE GNU make is a SystemRequirements. Flavors: r-devel-linux-x86_64-debian-clang, r-devel-linux-x86_64-debian-gcc, r-devel-linux-x86_64-fedora-clang, r-devel-linux-x86_64-fedora-gcc, r-devel-windows-x86_64, r-patched-linux-x86_64, r-release-macos-arm64, r-release-macos-x86_64, r-release-windows-x86_64, r-oldrel-macos-arm64, r-oldrel-windows-x86_64

Version: 0.5-3
Check: installed package size
Result: NOTE installed size is 11.3Mb sub-directories of 1Mb or more: R 1.2Mb libs 8.4Mb testdata 1.4Mb Flavors: r-devel-linux-x86_64-fedora-clang, r-devel-windows-x86_64, r-release-macos-arm64, r-release-macos-x86_64, r-release-windows-x86_64, r-oldrel-macos-arm64, r-oldrel-windows-x86_64

Version: 0.5-3
Check: whether package can be installed
Result: ERROR Installation failed. Flavor: r-release-linux-x86_64