CRAN Package Check Results for Package blaster

Last updated on 2021-12-01 07:50:17 CET.

Flavor Version Tinstall Tcheck Ttotal Status Flags
r-devel-linux-x86_64-debian-clang 1.0.4 51.90 24.79 76.69 OK
r-devel-linux-x86_64-debian-gcc 1.0.4 37.91 22.62 60.53 OK
r-devel-linux-x86_64-fedora-clang 1.0.4 141.84 NOTE
r-devel-linux-x86_64-fedora-gcc 1.0.4 107.40 OK
r-devel-windows-x86_64-new-UL 1.0.4 68.00 86.00 154.00 OK
r-devel-windows-x86_64-new-TK 1.0.4 OK
r-devel-windows-x86_64-old 1.0.4 65.00 41.00 106.00 OK
r-patched-linux-x86_64 1.0.4 47.07 23.76 70.83 OK
r-patched-solaris-x86 1.0.4 110.20 OK
r-release-linux-x86_64 1.0.4 47.25 23.91 71.16 OK
r-release-macos-arm64 1.0.4 NOTE
r-release-macos-x86_64 1.0.4 NOTE
r-release-windows-ix86+x86_64 1.0.4 125.00 56.00 181.00 OK
r-oldrel-macos-x86_64 1.0.4 NOTE
r-oldrel-windows-ix86+x86_64 1.0.4 93.00 62.00 155.00 OK

Check Details

Version: 1.0.4
Check: installed package size
Result: NOTE
     installed size is 5.8Mb
     sub-directories of 1Mb or more:
     libs 5.6Mb
Flavors: r-devel-linux-x86_64-fedora-clang, r-release-macos-arm64, r-release-macos-x86_64, r-oldrel-macos-x86_64