CRAN Package Check Results for Package bjscrapeR

Last updated on 2021-09-23 08:50:49 CEST.

Flavor Version Tinstall Tcheck Ttotal Status Flags
r-devel-linux-x86_64-debian-clang 0.1.0 3.89 42.86 46.75 OK
r-devel-linux-x86_64-debian-gcc 0.1.0 3.40 32.16 35.56 OK
r-devel-linux-x86_64-fedora-clang 0.1.0 63.34 OK
r-devel-linux-x86_64-fedora-gcc 0.1.0 51.95 OK
r-devel-windows-x86_64 0.1.0 6.00 41.00 47.00 OK
r-devel-windows-x86_64-gcc10-UCRT 0.1.0 ERROR
r-patched-linux-x86_64 0.1.0 3.34 39.01 42.35 OK
r-patched-solaris-x86 0.1.0 77.60 OK
r-release-linux-x86_64 0.1.0 4.09 38.93 43.02 OK
r-release-macos-arm64 0.1.0 OK
r-release-macos-x86_64 0.1.0 OK
r-release-windows-ix86+x86_64 0.1.0 12.00 45.00 57.00 OK
r-oldrel-macos-x86_64 0.1.0 OK
r-oldrel-windows-ix86+x86_64 0.1.0 7.00 43.00 50.00 OK

Check Details

Version: 0.1.0
Check: PDF version of manual
Result: WARN
    LaTeX errors when creating PDF version.
    This typically indicates Rd problems.
Flavor: r-devel-windows-x86_64-gcc10-UCRT

Version: 0.1.0
Check: PDF version of manual without hyperrefs or index
Result: ERROR
    Re-running with no redirection of stdout/stderr.
Flavor: r-devel-windows-x86_64-gcc10-UCRT