CRAN Package Check Results for Package bizdays

Last updated on 2021-12-01 19:51:30 CET.

Flavor Version Tinstall Tcheck Ttotal Status Flags
r-devel-linux-x86_64-debian-clang 1.0.8 5.85 52.96 58.81 OK
r-devel-linux-x86_64-debian-gcc 1.0.8 4.12 40.45 44.57 OK
r-devel-linux-x86_64-fedora-clang 1.0.8 82.04 NOTE
r-devel-linux-x86_64-fedora-gcc 1.0.8 69.17 NOTE
r-devel-windows-x86_64-new-UL 1.0.8 16.00 117.00 133.00 OK
r-devel-windows-x86_64-new-TK 1.0.8 OK
r-devel-windows-x86_64-old 1.0.8 12.00 80.00 92.00 OK
r-patched-linux-x86_64 1.0.8 5.50 52.10 57.60 OK
r-patched-solaris-x86 1.0.8 95.60 NOTE
r-release-linux-x86_64 1.0.8 4.77 52.55 57.32 OK
r-release-macos-arm64 1.0.8 OK
r-release-macos-x86_64 1.0.8 OK
r-release-windows-ix86+x86_64 1.0.8 13.00 112.00 125.00 OK
r-oldrel-macos-x86_64 1.0.8 OK
r-oldrel-windows-ix86+x86_64 1.0.8 11.00 78.00 89.00 OK

Check Details

Version: 1.0.8
Check: package dependencies
Result: NOTE
    Package suggested but not available for checking: ‘RQuantLib’
Flavors: r-devel-linux-x86_64-fedora-clang, r-devel-linux-x86_64-fedora-gcc, r-patched-solaris-x86