CRAN Package Check Results for Package bivquant

Last updated on 2020-03-31 11:49:04 CEST.

Flavor Version Tinstall Tcheck Ttotal Status Flags
r-devel-linux-x86_64-debian-clang 0.1 10.02 75.84 85.86 OK
r-devel-linux-x86_64-debian-gcc 0.1 7.80 58.83 66.63 OK
r-devel-linux-x86_64-fedora-clang 0.1 100.84 NOTE
r-devel-linux-x86_64-fedora-gcc 0.1 100.26 NOTE
r-devel-windows-ix86+x86_64 0.1 18.00 79.00 97.00 OK
r-devel-windows-ix86+x86_64-gcc8 0.1 17.00 80.00 97.00 OK
r-patched-linux-x86_64 0.1 9.69 74.38 84.07 OK
r-patched-solaris-x86 0.1 167.80 NOTE
r-release-linux-x86_64 0.1 6.67 68.26 74.93 OK
r-release-windows-ix86+x86_64 0.1 22.00 107.00 129.00 OK
r-release-osx-x86_64 0.1 NOTE
r-oldrel-windows-ix86+x86_64 0.1 12.00 106.00 118.00 OK
r-oldrel-osx-x86_64 0.1 NOTE

Check Details

Version: 0.1
Check: dependencies in R code
Result: NOTE
    Namespace in Imports field not imported from: ‘MASS’
     All declared Imports should be used.
Flavors: r-devel-linux-x86_64-fedora-clang, r-devel-linux-x86_64-fedora-gcc, r-patched-solaris-x86, r-release-osx-x86_64, r-oldrel-osx-x86_64