Last updated on 2023-11-28 07:52:56 CET.
Flavor | Version | Tinstall | Tcheck | Ttotal | Status | Flags |
---|---|---|---|---|---|---|
r-devel-linux-x86_64-debian-clang | 4.0.5 | 18.49 | 62.24 | 80.73 | NOTE | |
r-devel-linux-x86_64-debian-gcc | 4.0.5 | 12.00 | 46.71 | 58.71 | NOTE | |
r-devel-linux-x86_64-fedora-clang | 4.0.5 | 98.41 | OK | |||
r-devel-linux-x86_64-fedora-gcc | 4.0.5 | 95.68 | OK | |||
r-devel-windows-x86_64 | 4.0.5 | 18.00 | 81.00 | 99.00 | OK | |
r-patched-linux-x86_64 | 4.0.5 | 19.68 | 60.07 | 79.75 | OK | |
r-release-linux-x86_64 | 4.0.5 | 16.36 | 60.02 | 76.38 | OK | |
r-release-macos-arm64 | 4.0.5 | 32.00 | OK | |||
r-release-macos-x86_64 | 4.0.5 | 39.00 | OK | |||
r-release-windows-x86_64 | 4.0.5 | 24.00 | 90.00 | 114.00 | OK | |
r-oldrel-macos-arm64 | 4.0.5 | 30.00 | OK | |||
r-oldrel-macos-x86_64 | 4.0.5 | 43.00 | OK | |||
r-oldrel-windows-x86_64 | 4.0.5 | 21.00 | 89.00 | 110.00 | OK |
Version: 4.0.5
Check: Rd files
Result: NOTE
checkRd: (-1) keypos.rd:27: Lost braces
27 | an integer vector of the same length as code{x} containing positions relativ to code{sort(unique(x), na.last=FALSE)}
| ^
checkRd: (-1) keypos.rd:27: Lost braces
27 | an integer vector of the same length as code{x} containing positions relativ to code{sort(unique(x), na.last=FALSE)}
| ^
Flavors: r-devel-linux-x86_64-debian-clang, r-devel-linux-x86_64-debian-gcc