CRAN Package Check Results for Package biscale

Last updated on 2019-08-25 10:46:14 CEST.

Flavor Version Tinstall Tcheck Ttotal Status Flags
r-devel-linux-x86_64-debian-clang 0.1.2 4.76 45.83 50.59 OK
r-devel-linux-x86_64-debian-gcc 0.1.2 4.38 35.76 40.14 OK
r-devel-linux-x86_64-fedora-clang 0.1.2 62.24 OK
r-devel-linux-x86_64-fedora-gcc 0.1.2 58.39 OK
r-devel-windows-ix86+x86_64 0.1.2 16.00 92.00 108.00 OK
r-patched-linux-x86_64 0.1.2 4.23 43.95 48.18 OK
r-patched-solaris-x86 0.1.2 92.20 NOTE
r-release-linux-x86_64 0.1.2 4.62 44.33 48.95 OK
r-release-windows-ix86+x86_64 0.1.2 19.00 83.00 102.00 OK
r-release-osx-x86_64 0.1.2 OK
r-oldrel-windows-ix86+x86_64 0.1.2 17.00 80.00 97.00 OK
r-oldrel-osx-x86_64 0.1.2 OK

Check Details

Version: 0.1.2
Check: installed package size
Result: NOTE
     installed size is 5.2Mb
     sub-directories of 1Mb or more:
     doc 2.6Mb
     help 2.2Mb
Flavor: r-patched-solaris-x86