CRAN Package Check Results for Package bipartite

Last updated on 2020-07-11 09:48:49 CEST.

Flavor Version Tinstall Tcheck Ttotal Status Flags
r-devel-linux-x86_64-debian-clang 2.15 28.90 237.02 265.92 OK
r-devel-linux-x86_64-debian-gcc 2.15 24.12 168.57 192.69 OK
r-devel-linux-x86_64-fedora-gcc 2.15 300.83 OK
r-devel-windows-ix86+x86_64 2.15 53.00 384.00 437.00 NOTE
r-patched-linux-x86_64 2.15 26.83 225.04 251.87 OK
r-patched-solaris-x86 2.15 368.30 OK
r-release-linux-x86_64 2.15 26.68 226.48 253.16 OK
r-release-osx-x86_64 2.15 OK
r-release-windows-ix86+x86_64 2.15 51.00 309.00 360.00 NOTE
r-oldrel-osx-x86_64 2.15 OK
r-oldrel-windows-ix86+x86_64 2.15 68.00 253.00 321.00 NOTE

Check Details

Version: 2.15
Check: installed package size
Result: NOTE
     installed size is 5.8Mb
     sub-directories of 1Mb or more:
     doc 2.9Mb
     libs 2.0Mb
Flavors: r-devel-windows-ix86+x86_64, r-release-windows-ix86+x86_64, r-oldrel-windows-ix86+x86_64