CRAN Package Check Results for Package biomod2

Last updated on 2019-09-21 09:49:44 CEST.

Flavor Version Tinstall Tcheck Ttotal Status Flags
r-devel-linux-x86_64-debian-clang 3.3-7.1 31.05 206.11 237.16 NOTE
r-devel-linux-x86_64-debian-gcc 3.3-7.1 26.19 157.63 183.82 NOTE
r-devel-linux-x86_64-fedora-clang 3.3-7.1 294.20 NOTE
r-devel-linux-x86_64-fedora-gcc 3.3-7.1 279.63 NOTE
r-devel-windows-ix86+x86_64 3.3-7.1 75.00 291.00 366.00 OK
r-patched-linux-x86_64 3.3-7.1 30.76 198.46 229.22 NOTE
r-patched-solaris-x86 3.3-7.1 391.60 NOTE
r-release-linux-x86_64 3.3-7.1 29.98 200.21 230.19 NOTE
r-release-windows-ix86+x86_64 3.3-7.1 50.00 208.00 258.00 OK
r-release-osx-x86_64 3.3-7.1 NOTE
r-oldrel-windows-ix86+x86_64 3.3-7.1 37.00 192.00 229.00 OK
r-oldrel-osx-x86_64 3.3-7.1 OK

Check Details

Version: 3.3-7.1
Check: package dependencies
Result: NOTE
    Package suggested but not available for checking: 'maxent'
Flavors: r-devel-linux-x86_64-debian-clang, r-devel-linux-x86_64-debian-gcc, r-devel-linux-x86_64-fedora-clang, r-devel-linux-x86_64-fedora-gcc, r-patched-linux-x86_64, r-patched-solaris-x86, r-release-linux-x86_64, r-release-osx-x86_64

Version: 3.3-7.1
Check: for non-standard things in the check directory
Result: NOTE
    Found the following files/directories:
     'GuloGulo'
Flavors: r-devel-linux-x86_64-debian-clang, r-devel-linux-x86_64-debian-gcc, r-devel-linux-x86_64-fedora-clang, r-devel-linux-x86_64-fedora-gcc