CRAN Package Check Results for Package biomartr

Last updated on 2021-12-04 07:50:15 CET.

Flavor Version Tinstall Tcheck Ttotal Status Flags
r-devel-linux-x86_64-debian-clang 0.9.2 28.60 237.28 265.88 NOTE
r-devel-linux-x86_64-debian-gcc 0.9.2 22.82 180.00 202.82 NOTE
r-devel-linux-x86_64-fedora-clang 0.9.2 338.32 NOTE
r-devel-linux-x86_64-fedora-gcc 0.9.2 327.56 NOTE
r-devel-windows-x86_64-new-UL 0.9.2 54.00 301.00 355.00 NOTE
r-devel-windows-x86_64-new-TK 0.9.2 NOTE
r-devel-windows-x86_64-old 0.9.2 42.00 208.00 250.00 NOTE
r-patched-linux-x86_64 0.9.2 26.23 217.75 243.98 NOTE
r-release-linux-x86_64 0.9.2 25.40 218.19 243.59 NOTE
r-release-macos-arm64 0.9.2 NOTE
r-release-macos-x86_64 0.9.2 NOTE
r-release-windows-ix86+x86_64 0.9.2 61.00 280.00 341.00 NOTE
r-oldrel-macos-x86_64 0.9.2 NOTE
r-oldrel-windows-ix86+x86_64 0.9.2 70.00 313.00 383.00 OK

Check Details

Version: 0.9.2
Check: LazyData
Result: NOTE
     'LazyData' is specified without a 'data' directory
Flavors: r-devel-linux-x86_64-debian-clang, r-devel-linux-x86_64-debian-gcc, r-devel-linux-x86_64-fedora-clang, r-devel-linux-x86_64-fedora-gcc, r-devel-windows-x86_64-new-UL, r-devel-windows-x86_64-new-TK, r-devel-windows-x86_64-old, r-patched-linux-x86_64, r-release-linux-x86_64, r-release-macos-arm64, r-release-macos-x86_64, r-release-windows-ix86+x86_64

Version: 0.9.2
Check: dependencies in R code
Result: NOTE
    Namespace in Imports field not imported from: ‘fs’
     All declared Imports should be used.
Flavors: r-devel-linux-x86_64-fedora-clang, r-devel-linux-x86_64-fedora-gcc, r-devel-windows-x86_64-new-TK, r-release-macos-arm64, r-release-macos-x86_64, r-oldrel-macos-x86_64