CRAN Package Check Results for Package biogeo

Last updated on 2021-09-18 20:51:49 CEST.

Flavor Version Tinstall Tcheck Ttotal Status Flags
r-devel-linux-x86_64-debian-clang 1.0 17.43 145.03 162.46 NOTE
r-devel-linux-x86_64-debian-gcc 1.0 13.88 108.60 122.48 NOTE
r-devel-linux-x86_64-fedora-clang 1.0 206.57 NOTE
r-devel-linux-x86_64-fedora-gcc 1.0 189.59 NOTE
r-devel-windows-x86_64 1.0 21.00 182.00 203.00 OK
r-devel-windows-x86_64-gcc10-UCRT 1.0 OK
r-patched-linux-x86_64 1.0 16.30 138.03 154.33 NOTE
r-patched-solaris-x86 1.0 263.00 NOTE
r-release-linux-x86_64 1.0 16.55 139.04 155.59 NOTE
r-release-macos-arm64 1.0 OK
r-release-macos-x86_64 1.0 OK
r-release-windows-ix86+x86_64 1.0 45.00 185.00 230.00 OK
r-oldrel-macos-x86_64 1.0 OK
r-oldrel-windows-ix86+x86_64 1.0 43.00 205.00 248.00 OK

Check Details

Version: 1.0
Check: for non-standard things in the check directory
Result: NOTE
    Found the following files/directories:
     'pointshape.dbf' 'pointshape.shp' 'pointshape.shx'
Flavors: r-devel-linux-x86_64-debian-clang, r-devel-linux-x86_64-debian-gcc, r-devel-linux-x86_64-fedora-clang, r-devel-linux-x86_64-fedora-gcc, r-patched-linux-x86_64, r-patched-solaris-x86, r-release-linux-x86_64