CRAN Package Check Results for Package bioacoustics

Last updated on 2021-11-28 07:50:37 CET.

Flavor Version Tinstall Tcheck Ttotal Status Flags
r-devel-linux-x86_64-debian-clang 0.2.7 OK
r-devel-linux-x86_64-debian-gcc 0.2.7 72.72 41.59 114.31 OK
r-devel-linux-x86_64-fedora-clang 0.2.7 259.66 NOTE
r-devel-linux-x86_64-fedora-gcc 0.2.7 214.77 OK
r-devel-windows-x86_64-new-UL 0.2.7 135.00 134.00 269.00 OK
r-devel-windows-x86_64-new-TK 0.2.7 OK
r-devel-windows-x86_64-old 0.2.7 100.00 95.00 195.00 OK
r-patched-linux-x86_64 0.2.7 99.06 52.23 151.29 OK
r-patched-solaris-x86 0.2.7 242.80 NOTE
r-release-linux-x86_64 0.2.7 89.20 52.87 142.07 OK
r-release-macos-arm64 0.2.7 NOTE
r-release-macos-x86_64 0.2.7 NOTE
r-release-windows-ix86+x86_64 0.2.7 255.00 122.00 377.00 NOTE
r-oldrel-macos-x86_64 0.2.7 NOTE
r-oldrel-windows-ix86+x86_64 0.2.7 185.00 122.00 307.00 NOTE

Check Details

Version: 0.2.7
Check: installed package size
Result: NOTE
     installed size is 5.2Mb
     sub-directories of 1Mb or more:
     libs 3.7Mb
Flavors: r-devel-linux-x86_64-fedora-clang, r-patched-solaris-x86, r-release-macos-arm64, r-release-macos-x86_64, r-release-windows-ix86+x86_64, r-oldrel-macos-x86_64, r-oldrel-windows-ix86+x86_64