CRAN Package Check Results for Package binovisualfields

Last updated on 2023-03-30 08:53:31 CEST.

Flavor Version Tinstall Tcheck Ttotal Status Flags
r-devel-linux-x86_64-debian-clang 0.1.1 1.95 28.98 30.93 NOTE
r-devel-linux-x86_64-debian-gcc 0.1.1 2.15 22.60 24.75 NOTE
r-devel-linux-x86_64-fedora-clang 0.1.1 40.25 NOTE
r-devel-linux-x86_64-fedora-gcc 0.1.1 48.97 NOTE
r-devel-windows-x86_64 0.1.1 41.00 62.00 103.00 NOTE
r-patched-linux-x86_64 0.1.1 2.81 28.22 31.03 NOTE
r-release-linux-x86_64 0.1.1 1.87 28.45 30.32 NOTE
r-release-macos-arm64 0.1.1 19.00 NOTE
r-release-macos-x86_64 0.1.1 32.00 NOTE
r-release-windows-x86_64 0.1.1 28.00 58.00 86.00 NOTE
r-oldrel-macos-arm64 0.1.1 24.00 NOTE
r-oldrel-macos-x86_64 0.1.1 31.00 NOTE
r-oldrel-windows-ix86+x86_64 0.1.1 6.00 54.00 60.00 NOTE

Check Details

Version: 0.1.1
Check: LazyData
Result: NOTE
     'LazyData' is specified without a 'data' directory
Flavors: r-devel-linux-x86_64-debian-clang, r-devel-linux-x86_64-debian-gcc, r-devel-linux-x86_64-fedora-clang, r-devel-linux-x86_64-fedora-gcc, r-devel-windows-x86_64, r-patched-linux-x86_64, r-release-linux-x86_64, r-release-macos-arm64, r-release-macos-x86_64, r-release-windows-x86_64, r-oldrel-macos-arm64, r-oldrel-macos-x86_64, r-oldrel-windows-ix86+x86_64

Version: 0.1.1
Check: dependencies in R code
Result: NOTE
    Namespace in Imports field not imported from: ‘gtools’
     All declared Imports should be used.
Flavors: r-devel-linux-x86_64-fedora-clang, r-devel-linux-x86_64-fedora-gcc, r-release-macos-arm64, r-release-macos-x86_64, r-oldrel-macos-arm64, r-oldrel-macos-x86_64