CRAN Package Check Results for Package binMto

Last updated on 2021-09-21 08:49:31 CEST.

Flavor Version Tinstall Tcheck Ttotal Status Flags
r-devel-linux-x86_64-debian-clang 0.0-7 3.42 33.42 36.84 OK
r-devel-linux-x86_64-debian-gcc 0.0-7 2.52 25.87 28.39 OK
r-devel-linux-x86_64-fedora-clang 0.0-7 52.94 OK
r-devel-linux-x86_64-fedora-gcc 0.0-7 41.99 OK
r-devel-windows-x86_64 0.0-7 6.00 36.00 42.00 OK
r-devel-windows-x86_64-gcc10-UCRT 0.0-7 ERROR
r-patched-linux-x86_64 0.0-7 3.48 31.93 35.41 OK
r-patched-solaris-x86 0.0-7 62.40 OK
r-release-linux-x86_64 0.0-7 3.34 32.33 35.67 OK
r-release-macos-arm64 0.0-7 OK
r-release-macos-x86_64 0.0-7 OK
r-release-windows-ix86+x86_64 0.0-7 6.00 49.00 55.00 OK
r-oldrel-macos-x86_64 0.0-7 OK
r-oldrel-windows-ix86+x86_64 0.0-7 5.00 56.00 61.00 OK

Check Details

Version: 0.0-7
Check: whether package can be installed
Result: WARN
    Found the following significant warnings:
     WARNING: installation-time patches will not be applied, could not get the patches index
Flavor: r-devel-windows-x86_64-gcc10-UCRT

Version: 0.0-7
Check: PDF version of manual
Result: WARN
    LaTeX errors when creating PDF version.
    This typically indicates Rd problems.
Flavor: r-devel-windows-x86_64-gcc10-UCRT

Version: 0.0-7
Check: PDF version of manual without hyperrefs or index
Result: ERROR
    Re-running with no redirection of stdout/stderr.
Flavor: r-devel-windows-x86_64-gcc10-UCRT