CRAN Package Check Results for Package binGroup2

Last updated on 2021-09-22 08:49:58 CEST.

Flavor Version Tinstall Tcheck Ttotal Status Flags
r-devel-linux-x86_64-debian-clang 1.1.0 84.20 172.68 256.88 OK
r-devel-linux-x86_64-debian-gcc 1.1.0 61.00 121.11 182.11 OK
r-devel-linux-x86_64-fedora-clang 1.1.0 326.33 OK
r-devel-linux-x86_64-fedora-gcc 1.1.0 303.57 OK
r-devel-windows-x86_64 1.1.0 72.00 143.00 215.00 OK
r-devel-windows-x86_64-gcc10-UCRT 1.1.0 ERROR
r-patched-linux-x86_64 1.1.0 70.31 159.92 230.23 OK
r-patched-solaris-x86 1.1.0 326.60 OK
r-release-linux-x86_64 1.1.0 68.65 159.25 227.90 OK
r-release-macos-arm64 1.1.0 NOTE
r-release-macos-x86_64 1.1.0 OK
r-release-windows-ix86+x86_64 1.1.0 177.00 246.00 423.00 OK
r-oldrel-macos-x86_64 1.1.0 NOTE
r-oldrel-windows-ix86+x86_64 1.1.0 133.00 189.00 322.00 OK

Check Details

Version: 1.1.0
Check: whether package can be installed
Result: ERROR
    Installation failed.
Flavor: r-devel-windows-x86_64-gcc10-UCRT

Version: 1.1.0
Check: installed package size
Result: NOTE
     installed size is 6.5Mb
     sub-directories of 1Mb or more:
     libs 5.5Mb
Flavors: r-release-macos-arm64, r-oldrel-macos-x86_64