Last updated on 2023-02-07 21:54:10 CET.
Flavor | Version | Tinstall | Tcheck | Ttotal | Status | Flags |
---|---|---|---|---|---|---|
r-devel-linux-x86_64-debian-clang | 0.2.1 | 77.48 | 66.02 | 143.50 | NOTE | |
r-devel-linux-x86_64-debian-gcc | 0.2.1 | 59.59 | 49.48 | 109.07 | NOTE | |
r-devel-linux-x86_64-fedora-clang | 0.2.1 | 195.09 | NOTE | |||
r-devel-linux-x86_64-fedora-gcc | 0.2.1 | 190.61 | NOTE | |||
r-devel-windows-x86_64 | 0.2.1 | 103.00 | 119.00 | 222.00 | NOTE | |
r-patched-linux-x86_64 | 0.2.1 | 54.66 | 63.10 | 117.76 | OK | |
r-release-linux-x86_64 | 0.2.1 | 62.75 | 61.49 | 124.24 | OK | |
r-release-macos-arm64 | 0.2.1 | 54.00 | NOTE | |||
r-release-macos-x86_64 | 0.2.1 | 86.00 | NOTE | |||
r-release-windows-x86_64 | 0.2.1 | 98.00 | 129.00 | 227.00 | OK | |
r-oldrel-macos-arm64 | 0.2.1 | 55.00 | NOTE | |||
r-oldrel-macos-x86_64 | 0.2.1 | 74.00 | NOTE | |||
r-oldrel-windows-ix86+x86_64 | 0.2.1 | 190.00 | 135.00 | 325.00 | OK |
Version: 0.2.1
Check: C++ specification
Result: NOTE
Specified C++11: please update to current default of C++17
Flavors: r-devel-linux-x86_64-debian-clang, r-devel-linux-x86_64-debian-gcc, r-devel-linux-x86_64-fedora-clang, r-devel-windows-x86_64
Version: 0.2.1
Check: C++ specification
Result: NOTE
Specified C++11: please drop specification unless essential
Flavor: r-devel-linux-x86_64-fedora-gcc
Version: 0.2.1
Check: installed package size
Result: NOTE
installed size is 6.6Mb
sub-directories of 1Mb or more:
help 1.5Mb
libs 4.8Mb
Flavors: r-release-macos-arm64, r-release-macos-x86_64, r-oldrel-macos-arm64, r-oldrel-macos-x86_64