CRAN Package Check Results for Package bignum

Last updated on 2022-09-30 20:51:56 CEST.

Flavor Version Tinstall Tcheck Ttotal Status Flags
r-devel-linux-x86_64-debian-clang 0.3.0 97.23 57.25 154.48 OK
r-devel-linux-x86_64-debian-gcc 0.3.0 80.32 43.53 123.85 OK
r-devel-linux-x86_64-fedora-clang 0.3.0 230.26 OK
r-devel-linux-x86_64-fedora-gcc 0.3.0 218.16 OK
r-devel-windows-x86_64 0.3.0 85.00 118.00 203.00 OK
r-patched-linux-x86_64 0.3.0 83.44 53.96 137.40 OK
r-release-linux-x86_64 0.3.0 81.47 53.53 135.00 OK
r-release-macos-arm64 0.3.0 55.00 NOTE
r-release-macos-x86_64 0.3.0 75.00 NOTE
r-release-windows-x86_64 0.3.0 79.00 108.00 187.00 OK
r-oldrel-macos-arm64 0.3.0 58.00 NOTE
r-oldrel-macos-x86_64 0.3.0 92.00 NOTE
r-oldrel-windows-ix86+x86_64 0.3.0 203.00 125.00 328.00 OK

Check Details

Version: 0.3.0
Check: installed package size
Result: NOTE
     installed size is 9.1Mb
     sub-directories of 1Mb or more:
     libs 8.8Mb
Flavors: r-release-macos-arm64, r-release-macos-x86_64, r-oldrel-macos-arm64, r-oldrel-macos-x86_64