CRAN Package Check Results for Package bignum

Last updated on 2024-03-02 07:49:57 CET.

Flavor Version Tinstall Tcheck Ttotal Status Flags
r-devel-linux-x86_64-debian-clang 0.3.2 99.79 60.22 160.01 OK
r-devel-linux-x86_64-debian-gcc 0.3.2 88.33 45.48 133.81 OK
r-devel-linux-x86_64-fedora-clang 0.3.2 203.53 OK
r-devel-linux-x86_64-fedora-gcc 0.3.2 245.94 OK
r-devel-windows-x86_64 0.3.2 77.00 86.00 163.00 OK
r-patched-linux-x86_64 0.3.2 103.71 57.53 161.24 OK
r-release-linux-x86_64 0.3.2 105.18 58.99 164.17 OK
r-release-macos-arm64 0.3.2 83.00 NOTE
r-release-macos-x86_64 0.3.2 145.00 NOTE
r-release-windows-x86_64 0.3.2 98.00 106.00 204.00 OK
r-oldrel-macos-arm64 0.3.2 64.00 NOTE
r-oldrel-windows-x86_64 0.3.2 87.00 97.00 184.00 OK

Check Details

Version: 0.3.2
Check: installed package size
Result: NOTE installed size is 9.2Mb sub-directories of 1Mb or more: libs 9.0Mb Flavors: r-release-macos-arm64, r-release-macos-x86_64, r-oldrel-macos-arm64