CRAN Package Check Results for Package bigmemory.sri

Last updated on 2020-07-14 09:50:20 CEST.

Flavor Version Tinstall Tcheck Ttotal Status Flags
r-devel-linux-x86_64-debian-clang 0.1.3 1.50 18.80 20.30 NOTE
r-devel-linux-x86_64-debian-gcc 0.1.3 1.27 15.27 16.54 NOTE
r-devel-linux-x86_64-fedora-clang 0.1.3 34.49 NOTE
r-devel-linux-x86_64-fedora-gcc 0.1.3 25.86 NOTE
r-devel-windows-ix86+x86_64 0.1.3 7.00 42.00 49.00 NOTE
r-patched-linux-x86_64 0.1.3 1.30 19.03 20.33 NOTE
r-patched-solaris-x86 0.1.3 39.60 NOTE
r-release-linux-x86_64 0.1.3 1.05 18.83 19.88 NOTE
r-release-macos-x86_64 0.1.3 ERROR
r-release-windows-ix86+x86_64 0.1.3 5.00 28.00 33.00 NOTE
r-oldrel-macos-x86_64 0.1.3 NOTE
r-oldrel-windows-ix86+x86_64 0.1.3 4.00 37.00 41.00 NOTE

Check Details

Version: 0.1.3
Check: DESCRIPTION meta-information
Result: NOTE
    Checking should be performed on sources prepared by 'R CMD build'.
Flavors: r-devel-linux-x86_64-debian-clang, r-devel-linux-x86_64-debian-gcc, r-devel-linux-x86_64-fedora-clang, r-devel-linux-x86_64-fedora-gcc, r-devel-windows-ix86+x86_64, r-patched-linux-x86_64, r-patched-solaris-x86, r-release-linux-x86_64, r-release-windows-ix86+x86_64, r-oldrel-macos-x86_64, r-oldrel-windows-ix86+x86_64

Version: 0.1.3
Check: whether package can be installed
Result: ERROR
    Installation failed.
Flavor: r-release-macos-x86_64