CRAN Package Check Results for Package bigmemory

Last updated on 2019-11-19 09:48:36 CET.

Flavor Version Tinstall Tcheck Ttotal Status Flags
r-devel-linux-x86_64-debian-clang 4.5.33 78.99 44.06 123.05 OK
r-devel-linux-x86_64-debian-gcc 4.5.33 64.62 35.62 100.24 OK
r-devel-linux-x86_64-fedora-clang 4.5.33 167.67 NOTE
r-devel-linux-x86_64-fedora-gcc 4.5.33 168.41 NOTE
r-devel-windows-ix86+x86_64 4.5.33 237.00 109.00 346.00 WARN
r-devel-windows-ix86+x86_64-gcc8 4.5.33 233.00 89.00 322.00 WARN
r-patched-linux-x86_64 4.5.33 59.94 42.45 102.39 OK
r-patched-solaris-x86 4.5.33 162.20 OK
r-release-linux-x86_64 4.5.33 62.44 41.73 104.17 OK
r-release-windows-ix86+x86_64 4.5.33 186.00 115.00 301.00 OK
r-release-osx-x86_64 4.5.33 NOTE
r-oldrel-windows-ix86+x86_64 4.5.33 262.00 85.00 347.00 OK
r-oldrel-osx-x86_64 4.5.33 NOTE

Check Details

Version: 4.5.33
Check: installed package size
Result: NOTE
     installed size is 7.9Mb
     sub-directories of 1Mb or more:
     libs 7.3Mb
Flavors: r-devel-linux-x86_64-fedora-clang, r-release-osx-x86_64, r-oldrel-osx-x86_64

Version: 4.5.33
Check: top-level files
Result: NOTE
     possible bashism in configure line 14 (echo -n):
     echo -n " checking for Sun Studio compiler..."
     possible bashism in configure line 24 (echo -n):
     echo -n " checking for OS..."
Flavors: r-devel-linux-x86_64-fedora-clang, r-devel-linux-x86_64-fedora-gcc

Version: 4.5.33
Check: whether package can be installed
Result: WARN
    Found the following significant warnings:
     D:/RCompile/CRANpkg/lib/4.0/BH/include/boost/interprocess/detail/win32_api.hpp:151:9: warning: ISO C++ prohibits anonymous structs [-Wpedantic]
     D:/RCompile/CRANpkg/lib/4.0/BH/include/boost/interprocess/detail/win32_api.hpp:159:9: warning: ISO C++ prohibits anonymous structs [-Wpedantic]
     D:/RCompile/CRANpkg/lib/4.0/BH/include/boost/interprocess/detail/win32_api.hpp:184:13: warning: ISO C++ prohibits anonymous structs [-Wpedantic]
     D:/RCompile/CRANpkg/lib/4.0/BH/include/boost/interprocess/detail/win32_api.hpp:186:7: warning: ISO C++ prohibits anonymous structs [-Wpedantic]
Flavor: r-devel-windows-ix86+x86_64

Version: 4.5.33
Check: whether package can be installed
Result: WARN
    Found the following significant warnings:
     D:/RCompile/CRANpkg/lib/4.0v3/BH/include/boost/interprocess/detail/win32_api.hpp:151:9: warning: ISO C++ prohibits anonymous structs [-Wpedantic]
     D:/RCompile/CRANpkg/lib/4.0v3/BH/include/boost/interprocess/detail/win32_api.hpp:159:9: warning: ISO C++ prohibits anonymous structs [-Wpedantic]
     D:/RCompile/CRANpkg/lib/4.0v3/BH/include/boost/interprocess/detail/win32_api.hpp:184:13: warning: ISO C++ prohibits anonymous structs [-Wpedantic]
     D:/RCompile/CRANpkg/lib/4.0v3/BH/include/boost/interprocess/detail/win32_api.hpp:186:7: warning: ISO C++ prohibits anonymous structs [-Wpedantic]
Flavor: r-devel-windows-ix86+x86_64-gcc8