CRAN Package Check Results for Package bigmemory

Last updated on 2020-07-05 21:47:27 CEST.

Flavor Version Tinstall Tcheck Ttotal Status Flags
r-devel-linux-x86_64-debian-clang 4.5.36 88.93 41.74 130.67 OK
r-devel-linux-x86_64-debian-gcc 4.5.36 68.87 32.85 101.72 OK
r-devel-linux-x86_64-fedora-clang 4.5.36 182.39 NOTE
r-devel-linux-x86_64-fedora-gcc 4.5.36 170.31 NOTE
r-devel-windows-ix86+x86_64 4.5.36 237.00 114.00 351.00 WARN
r-patched-linux-x86_64 4.5.36 70.98 41.61 112.59 OK
r-patched-solaris-x86 4.5.36 157.20 OK
r-release-linux-x86_64 4.5.36 70.73 41.48 112.21 OK
r-release-osx-x86_64 4.5.36 NOTE
r-release-windows-ix86+x86_64 4.5.36 198.00 81.00 279.00 WARN
r-oldrel-osx-x86_64 4.5.36 NOTE
r-oldrel-windows-ix86+x86_64 4.5.36 185.00 118.00 303.00 OK

Additional issues

clang-UBSAN

Check Details

Version: 4.5.36
Check: installed package size
Result: NOTE
     installed size is 8.8Mb
     sub-directories of 1Mb or more:
     libs 8.4Mb
Flavors: r-devel-linux-x86_64-fedora-clang, r-release-osx-x86_64, r-oldrel-osx-x86_64

Version: 4.5.36
Check: top-level files
Result: NOTE
     possible bashism in configure line 14 (echo -n):
     echo -n " checking for Sun Studio compiler..."
     possible bashism in configure line 24 (echo -n):
     echo -n " checking for OS..."
Flavors: r-devel-linux-x86_64-fedora-clang, r-devel-linux-x86_64-fedora-gcc

Version: 4.5.36
Check: whether package can be installed
Result: WARN
    Found the following significant warnings:
     d:/RCompile/CRANpkg/lib/4.1/BH/include/boost/interprocess/detail/win32_api.hpp:151:9: warning: ISO C++ prohibits anonymous structs [-Wpedantic]
     d:/RCompile/CRANpkg/lib/4.1/BH/include/boost/interprocess/detail/win32_api.hpp:159:9: warning: ISO C++ prohibits anonymous structs [-Wpedantic]
     d:/RCompile/CRANpkg/lib/4.1/BH/include/boost/interprocess/detail/win32_api.hpp:184:13: warning: ISO C++ prohibits anonymous structs [-Wpedantic]
     d:/RCompile/CRANpkg/lib/4.1/BH/include/boost/interprocess/detail/win32_api.hpp:186:7: warning: ISO C++ prohibits anonymous structs [-Wpedantic]
Flavor: r-devel-windows-ix86+x86_64

Version: 4.5.36
Check: whether package can be installed
Result: WARN
    Found the following significant warnings:
     d:/RCompile/CRANpkg/lib/4.0/BH/include/boost/interprocess/detail/win32_api.hpp:151:9: warning: ISO C++ prohibits anonymous structs [-Wpedantic]
     d:/RCompile/CRANpkg/lib/4.0/BH/include/boost/interprocess/detail/win32_api.hpp:159:9: warning: ISO C++ prohibits anonymous structs [-Wpedantic]
     d:/RCompile/CRANpkg/lib/4.0/BH/include/boost/interprocess/detail/win32_api.hpp:184:13: warning: ISO C++ prohibits anonymous structs [-Wpedantic]
     d:/RCompile/CRANpkg/lib/4.0/BH/include/boost/interprocess/detail/win32_api.hpp:186:7: warning: ISO C++ prohibits anonymous structs [-Wpedantic]
Flavor: r-release-windows-ix86+x86_64