CRAN Package Check Results for Package bigGP

Last updated on 2020-11-26 20:51:33 CET.

Flavor Version Tinstall Tcheck Ttotal Status Flags
r-devel-linux-x86_64-debian-clang 0.1-6 15.97 39.77 55.74 OK
r-devel-linux-x86_64-debian-gcc 0.1-6 11.22 32.42 43.64 OK
r-devel-linux-x86_64-fedora-clang 0.1-6 69.03 NOTE
r-devel-linux-x86_64-fedora-gcc 0.1-6 58.20 NOTE
r-patched-linux-x86_64 0.1-6 16.13 39.12 55.25 OK
r-patched-solaris-x86 0.1-6 88.40 OK
r-release-linux-x86_64 0.1-6 12.58 37.95 50.53 OK
r-release-macos-x86_64 0.1-6 ERROR
r-oldrel-macos-x86_64 0.1-6 ERROR

Check Details

Version: 0.1-6
Check: compiled code
Result: NOTE
    File ‘bigGP/libs/bigGP.so’:
     Found no calls to: ‘R_registerRoutines’, ‘R_useDynamicSymbols’
    
    It is good practice to register native routines and to disable symbol
    search.
    
    See ‘Writing portable packages’ in the ‘Writing R Extensions’ manual.
Flavors: r-devel-linux-x86_64-fedora-clang, r-devel-linux-x86_64-fedora-gcc

Version: 0.1-6
Check: package dependencies
Result: ERROR
    Package required but not available: ‘Rmpi’
    
    See section ‘The DESCRIPTION file’ in the ‘Writing R Extensions’
    manual.
Flavors: r-release-macos-x86_64, r-oldrel-macos-x86_64