CRAN Package Check Results for Package bib2df

Last updated on 2023-01-26 19:49:22 CET.

Flavor Version Tinstall Tcheck Ttotal Status Flags
r-devel-linux-x86_64-debian-clang 1.1.1 4.85 60.43 65.28 NOTE
r-devel-linux-x86_64-debian-gcc 1.1.1 4.85 44.34 49.19 NOTE
r-devel-linux-x86_64-fedora-clang 1.1.1 87.61 NOTE
r-devel-linux-x86_64-fedora-gcc 1.1.1 87.88 NOTE
r-devel-windows-x86_64 1.1.1 15.00 83.00 98.00 NOTE
r-patched-linux-x86_64 1.1.1 5.18 57.70 62.88 NOTE
r-release-linux-x86_64 1.1.1 5.35 58.66 64.01 NOTE
r-release-macos-arm64 1.1.1 34.00 NOTE
r-release-macos-x86_64 1.1.1 69.00 NOTE
r-release-windows-x86_64 1.1.1 16.00 92.00 108.00 NOTE
r-oldrel-macos-arm64 1.1.1 31.00 NOTE
r-oldrel-macos-x86_64 1.1.1 59.00 NOTE
r-oldrel-windows-ix86+x86_64 1.1.1 16.00 253.00 269.00 NOTE

Check Details

Version: 1.1.1
Check: LazyData
Result: NOTE
     'LazyData' is specified without a 'data' directory
Flavors: r-devel-linux-x86_64-debian-clang, r-devel-linux-x86_64-debian-gcc, r-devel-linux-x86_64-fedora-clang, r-devel-linux-x86_64-fedora-gcc, r-devel-windows-x86_64, r-patched-linux-x86_64, r-release-linux-x86_64, r-release-macos-arm64, r-release-macos-x86_64, r-release-windows-x86_64, r-oldrel-macos-arm64, r-oldrel-macos-x86_64, r-oldrel-windows-ix86+x86_64