CRAN Package Check Results for Package biClassify

Last updated on 2021-12-03 19:50:04 CET.

Flavor Version Tinstall Tcheck Ttotal Status Flags
r-devel-linux-x86_64-debian-clang 1.2 38.55 77.17 115.72 OK
r-devel-linux-x86_64-debian-gcc 1.2 23.60 58.32 81.92 OK
r-devel-linux-x86_64-fedora-clang 1.2 167.10 NOTE
r-devel-linux-x86_64-fedora-gcc 1.2 142.50 NOTE
r-devel-windows-x86_64-new-UL 1.2 52.00 180.00 232.00 OK
r-devel-windows-x86_64-new-TK 1.2 NOTE
r-devel-windows-x86_64-old 1.2 48.00 93.00 141.00 OK
r-patched-linux-x86_64 1.2 28.61 74.03 102.64 OK
r-release-linux-x86_64 1.2 29.96 74.69 104.65 OK
r-release-macos-arm64 1.2 NOTE
r-release-macos-x86_64 1.2 NOTE
r-release-windows-ix86+x86_64 1.2 87.00 163.00 250.00 OK
r-oldrel-macos-x86_64 1.2 NOTE
r-oldrel-windows-ix86+x86_64 1.2 89.00 167.00 256.00 OK

Check Details

Version: 1.2
Check: dependencies in R code
Result: NOTE
    Namespaces in Imports field not imported from:
     ‘DAAG’ ‘datasets’ ‘expm’ ‘mvtnorm’
     All declared Imports should be used.
Flavors: r-devel-linux-x86_64-fedora-clang, r-devel-linux-x86_64-fedora-gcc, r-devel-windows-x86_64-new-TK, r-release-macos-arm64, r-release-macos-x86_64, r-oldrel-macos-x86_64