Last updated on 2023-03-30 08:53:31 CEST.
Flavor | Version | Tinstall | Tcheck | Ttotal | Status | Flags |
---|---|---|---|---|---|---|
r-devel-linux-x86_64-debian-clang | 1.8.5 | 5.44 | 51.15 | 56.59 | NOTE | |
r-devel-linux-x86_64-debian-gcc | 1.8.5 | 3.78 | 38.73 | 42.51 | NOTE | |
r-devel-linux-x86_64-fedora-clang | 1.8.5 | 69.63 | NOTE | |||
r-devel-linux-x86_64-fedora-gcc | 1.8.5 | 67.24 | NOTE | |||
r-devel-windows-x86_64 | 1.8.5 | 16.00 | 0.00 | 16.00 | NOTE | |
r-patched-linux-x86_64 | 1.8.5 | 5.50 | 49.32 | 54.82 | NOTE | |
r-release-linux-x86_64 | 1.8.5 | 3.92 | 50.08 | 54.00 | OK | |
r-release-macos-arm64 | 1.8.5 | 25.00 | OK | |||
r-release-macos-x86_64 | 1.8.5 | 41.00 | OK | |||
r-release-windows-x86_64 | 1.8.5 | 18.00 | 84.00 | 102.00 | OK | |
r-oldrel-macos-arm64 | 1.8.5 | 35.00 | OK | |||
r-oldrel-macos-x86_64 | 1.8.5 | 43.00 | OK | |||
r-oldrel-windows-ix86+x86_64 | 1.8.5 | 12.00 | 78.00 | 90.00 | OK |
Version: 1.8.5
Check: Rd files
Result: NOTE
checkRd: (-1) bgmm-package.Rd:23: Escaped LaTeX specials: \&
Flavors: r-devel-linux-x86_64-debian-clang, r-devel-linux-x86_64-debian-gcc, r-devel-linux-x86_64-fedora-clang, r-devel-linux-x86_64-fedora-gcc, r-devel-windows-x86_64, r-patched-linux-x86_64